{"id":130,"date":"2021-10-15T20:05:09","date_gmt":"2021-10-15T20:05:09","guid":{"rendered":"https:\/\/members.ift.uam-csic.es\/jose.barbon\/?page_id=130"},"modified":"2022-02-20T14:19:00","modified_gmt":"2022-02-20T14:19:00","slug":"cv","status":"publish","type":"page","link":"https:\/\/members.ift.uam-csic.es\/jose.barbon\/cv\/","title":{"rendered":"CV"},"content":{"rendered":"\n<div style=\"height:33px\" aria-hidden=\"true\" class=\"wp-block-spacer\"><\/div>\n\n\n\n<div class=\"wp-block-media-text alignwide is-stacked-on-mobile\" style=\"grid-template-columns:39% auto\"><figure class=\"wp-block-media-text__media\"><img loading=\"lazy\" decoding=\"async\" width=\"746\" height=\"789\" src=\"https:\/\/members.ift.uam-csic.es\/jose.barbon\/wp-content\/uploads\/2021\/11\/jose_barbon.png\" alt=\"Jos\u00e9 L.F. Barb\u00f3n\" class=\"wp-image-598 size-full\" srcset=\"https:\/\/members.ift.uam-csic.es\/jose.barbon\/wp-content\/uploads\/2021\/11\/jose_barbon.png 746w, https:\/\/members.ift.uam-csic.es\/jose.barbon\/wp-content\/uploads\/2021\/11\/jose_barbon-284x300.png 284w\" sizes=\"auto, (max-width: 746px) 100vw, 746px\" \/><\/figure><div class=\"wp-block-media-text__content\">\n<h4 class=\"has-large-font-size wp-block-heading\" id=\"jose-luis-fernandez-barbon\">Jos\u00e9 Luis Fern\u00e1ndez Barb\u00f3n<\/h4>\n\n\n\n<p>Institute of Theoretical Physics UAM-CSIC,<\/p>\n\n\n\n<p>C) Nicol\u00e1s Cabrera 13-15, <\/p>\n\n\n\n<p>Campus de Cantoblanco, <\/p>\n\n\n\n<p>18049 Madrid, Spain<\/p>\n\n\n\n<p>e-mail: jose.barbon@csic.es<\/p>\n<\/div><\/div>\n\n\n\n<div style=\"height:33px\" aria-hidden=\"true\" class=\"wp-block-spacer\"><\/div>\n\n\n\n<p class=\"has-medium-font-size\">Born in Avil\u00e9s (Asturias) in 1966<\/p>\n\n\n\n<p>Degree in Physics, Universidad Autonoma de Madrid (1989)<\/p>\n\n\n\n<p>PhD in Physics,  Universidad Autonoma de Madrid (1992)<\/p>\n\n\n\n<p>Research Associate, Princeton U. (1993-96)<\/p>\n\n\n\n<p>Research Fellow, CERN Theory Division (1996-98)<\/p>\n\n\n\n<p>Research Associate, Spinoza Institute, Utrecht (1998-99)<\/p>\n\n\n\n<p>Associate Professor, U. Santiago de Compostela (1999)<\/p>\n\n\n\n<p>Junior Faculty, CERN Theory Division (1999-2004)<\/p>\n\n\n\n<p>Research Staff, Institute of Theoretical Physics UAM-CSIC (since 2004)<\/p>\n","protected":false},"excerpt":{"rendered":"<p>Jos\u00e9 Luis Fern\u00e1ndez Barb\u00f3n Institute of Theoretical Physics UAM-CSIC, C) Nicol\u00e1s Cabrera 13-15, Campus de Cantoblanco, 18049 Madrid, Spain e-mail: jose.barbon@csic.es Born in Avil\u00e9s (Asturias) in 1966 Degree in Physics, Universidad Autonoma de Madrid (1989) PhD in Physics, Universidad Autonoma de Madrid (1992) Research Associate, Princeton U. (1993-96) Research Fellow, CERN Theory Division (1996-98) Research [&hellip;]<\/p>\n","protected":false},"author":1,"featured_media":0,"parent":0,"menu_order":0,"comment_status":"closed","ping_status":"closed","template":"page-no-separators","meta":{"footnotes":""},"class_list":["post-130","page","type-page","status-publish","hentry"],"_links":{"self":[{"href":"https:\/\/members.ift.uam-csic.es\/jose.barbon\/wp-json\/wp\/v2\/pages\/130","targetHints":{"allow":["GET"]}}],"collection":[{"href":"https:\/\/members.ift.uam-csic.es\/jose.barbon\/wp-json\/wp\/v2\/pages"}],"about":[{"href":"https:\/\/members.ift.uam-csic.es\/jose.barbon\/wp-json\/wp\/v2\/types\/page"}],"author":[{"embeddable":true,"href":"https:\/\/members.ift.uam-csic.es\/jose.barbon\/wp-json\/wp\/v2\/users\/1"}],"replies":[{"embeddable":true,"href":"https:\/\/members.ift.uam-csic.es\/jose.barbon\/wp-json\/wp\/v2\/comments?post=130"}],"version-history":[{"count":47,"href":"https:\/\/members.ift.uam-csic.es\/jose.barbon\/wp-json\/wp\/v2\/pages\/130\/revisions"}],"predecessor-version":[{"id":941,"href":"https:\/\/members.ift.uam-csic.es\/jose.barbon\/wp-json\/wp\/v2\/pages\/130\/revisions\/941"}],"wp:attachment":[{"href":"https:\/\/members.ift.uam-csic.es\/jose.barbon\/wp-json\/wp\/v2\/media?parent=130"}],"curies":[{"name":"wp","href":"https:\/\/api.w.org\/{rel}","templated":true}]}}