{"id":8595,"date":"2025-05-06T13:34:02","date_gmt":"2025-05-06T13:34:02","guid":{"rendered":"https:\/\/members.ift.uam-csic.es\/ed\/?post_type=tribe_events&#038;p=8595"},"modified":"2025-05-06T14:20:29","modified_gmt":"2025-05-06T14:20:29","slug":"1st-dift-colloquium-25-years-of-warped-geometry-by-lisa-randall","status":"publish","type":"tribe_events","link":"https:\/\/members.ift.uam-csic.es\/ed\/event\/1st-dift-colloquium-25-years-of-warped-geometry-by-lisa-randall\/","title":{"rendered":"1st DIFT Colloquium: &#8217;25 years of warped geometry&#8217; by Lisa Randall."},"content":{"rendered":"<div class=\"tribe-events-schedule tribe-clearfix\">\n\t<h2 class=\"tribe-events-schedule__datetime\">\n\t\t<span class=\"tribe-events-schedule__date tribe-events-schedule__date--start\">\n\t\t\tMay 7, 2025\t\t<\/span>\n\n\t\t\t\t\t<span class=\"tribe-events-schedule__separator tribe-events-schedule__separator--date\">\n\t\t\t\t @ \t\t\t<\/span>\n\t\t\t<span class=\"tribe-events-schedule__time tribe-events-schedule__time--start\">\n\t\t\t\t15:30\t\t\t<\/span>\n\t\t\n\t\t\t\t\t\t\t\t\t<span class=\"tribe-events-schedule__separator tribe-events-schedule__separator--time\">\n\t\t\t\t\t &#8211; \t\t\t\t<\/span>\n\t\t\t\n\t\t\t\t\t\t\t<span class=\"tribe-events-schedule__time tribe-events-schedule__time--end\">\n\t\t\t\t\t17:00\t\t\t\t<\/span>\n\t\t\t\n\t\t\t\t\t\t<\/h2>\n<\/div>\n\n\n\n<p><strong>Speaker<\/strong>:&nbsp;Prof. Lisa Randall. <br><strong>Institution<\/strong>:&nbsp;Harvard University, USA. <\/p>\n\n\n\n<p><strong>Abstract<\/strong>:&nbsp; In this talk, I review the work done with Raman Sundrum and Andreas Karch on models of warped geometry in five-dimensional space that have interesting four-dimensional consequences. I review applications to particle physics, cosmology, string theory, and general relativity. I briefly introduce some more recent work on those subjects.<\/p>\n\n\n\n<div class=\"wp-block-media-text alignwide is-stacked-on-mobile\" style=\"grid-template-columns:35% auto\"><figure class=\"wp-block-media-text__media\"><img loading=\"lazy\" decoding=\"async\" width=\"240\" height=\"300\" src=\"https:\/\/members.ift.uam-csic.es\/ed\/wp-content\/uploads\/2025\/05\/randall.png\" alt=\"\" class=\"wp-image-8601 size-full\"\/><\/figure><div class=\"wp-block-media-text__content\">\n<p>Professor&#8217;s Randall research addresses fundamental questions about the properties and interactions of matter, including work on extra dimensions, the Standard Model, supersymmetry, baryogenesis, cosmological inflation, and dark matter. She has also contributed to developing experimental tests for theoretical models, focusing particularly on the Large Hadron Collider and dark matter searches.<\/p>\n\n\n\n<p>Professor Randall is among the most cited and influential theoretical physicists and is a member of the National Academy of Sciences and the American Academy of Arts and Sciences. She has received numerous honors, including the Alfred P. Sloan Foundation Fellowship, the DOE Outstanding Junior Investigator Award, and the Julius Lilienfeld Prize for both her scientific contributions and science communication efforts.<\/p>\n\n\n\n<p>Beyond academia, she has reached broad audiences through her books&nbsp;<em>Warped Passages<\/em>&nbsp;and&nbsp;<em>Knocking on Heaven\u2019s Door<\/em>, both named among The New York Times&#8217; 100 Notable Books of the Year. She has also been recognized in media outlets such as&nbsp;<em>Time Magazine<\/em>\u2019s &#8220;100 Most Influential People&#8221; and&nbsp;<em>Rolling Stone<\/em>&#8216;s 40th Anniversary issue.<\/p>\n\n\n\n<p>Professor Randall earned her PhD from Harvard University and previously held professorships at MIT and Princeton before returning to Harvard in 2001.<\/p>\n<\/div><\/div>\n\n\n<div class=\"tribe-block tribe-block__event-price\">\n\t\t<\/div>\n\n\n<div class=\"tribe-block tribe-block__organizer__details tribe-clearfix\">\n\t<div class=\"tribe-block__organizer__title\">\n\t\t<h3>Departamento de F\u00edsica Te\u00f3rica &#038; Instituto de F\u00edsica Te\u00f3rica UAM-CSIC<\/h3>\n\t<\/div>\n\t\t\t<\/div>\n\n\n<div class=\"tribe-block tribe-block__venue tribe-block__venue--has-map\">\n\t\n\t\n<div class=\"tribe-block__venue__meta\">\n\t<div class=\"tribe-block__venue__name\">\n\t\t<h3>Aula Polivalente, UAM<\/h3>\n\t<\/div>\n\n\t\n\t\t\t<address class=\"tribe-block__venue__address\">\n\t\t\t<span class=\"tribe-address\">\n\n<span class=\"tribe-street-address\">Plaza Mayor de la UAM, Cantoblanco<\/span>\n\t\n\t\t<br>\n\t\t<span class=\"tribe-locality\">Madrid<\/span><span class=\"tribe-delimiter\">,<\/span>\n\n\n\t<span class=\"tribe-postal-code\">28049<\/span>\n\n\n<\/span>\n\n\t\t\t\t\t\t\t<a class=\"tribe-events-gmap\" href=\"https:\/\/maps.google.com\/maps?f=q&#038;source=s_q&#038;hl=en&#038;geocode=&#038;q=Plaza+Mayor+de+la+UAM%2C+Cantoblanco+Madrid+28049\" title=\"Click to view a Google Map\" target=\"_blank\" rel=\"noreferrer noopener\">+ Google Map<\/a>\t\t\t\t\t<\/address>\n\t\n\t\n\t\n\t<\/div>\n\t\n<div class=\"tribe-block__venue__map\">\n\t\n<iframe loading=\"lazy\"\n  width=\"100%\"\n  height=\"350px\"\n  frameborder=\"0\" style=\"border:0\"\n  src=\"https:\/\/www.google.com\/maps\/embed\/v1\/place?key=AIzaSyDNsicAsP6-VuGtAb1O9riI3oc_NOb7IOU&#038;q=Plaza+Mayor+de+la+UAM%2C+Cantoblanco+Madrid+28049+\" allowfullscreen>\n<\/iframe><\/div>\n\n\t<\/div>\n\n\n\n\n<div class=\"tribe-block tribe-block__events-link\">\n\n\t\t\t<div class=\"tribe-block__btn--link tribe-block__events-gcal\">\n\t\t\t<a\n\t\t\t\thref=\"https:\/\/www.google.com\/calendar\/event?action=TEMPLATE&#038;dates=20250507T153000\/20250507T170000&#038;text=1st%20DIFT%20Colloquium%3A%20%26%238217%3B25%20years%20of%20warped%20geometry%26%238217%3B%20by%20Lisa%20Randall.&#038;location=Aula%20Polivalente,%20UAM,%20Plaza%20Mayor%20de%20la%20UAM,%20Cantoblanco,%20Madrid,%2028049&#038;trp=false&#038;ctz=UTC+0&#038;sprop=website:https:\/\/members.ift.uam-csic.es\/ed\"\n\t\t\t\ttarget=\"_blank\"\n\t\t\t\trel=\"noopener noreferrer nofollow\"\n\t\t\t\ttitle=\"Add to Google Calendar\"\n\t\t\t>\n\t\t\t\t<img decoding=\"async\" src=\"https:\/\/members.ift.uam-csic.es\/ed\/wp-content\/plugins\/the-events-calendar\/common\/src\/modules\/icons\/link.svg\" \/>\n\t\t\t\tAdd to Google Calendar\t\t\t<\/a>\n\t\t<\/div>\n\t\n\t\t\t<div class=\"tribe-block__btn--link tribe-block__events-ical\">\n\t\t\t<a\n\t\t\t\thref=\"https:\/\/members.ift.uam-csic.es\/ed\/event\/1st-dift-colloquium-25-years-of-warped-geometry-by-lisa-randall\/?ical=1\"\n\t\t\t\trel=\"noopener noreferrer nofollow\"\n\t\t\t\ttitle=\"Add to iCalendar\"\n\t\t\t>\n\t\t\t\t<img decoding=\"async\" src=\"https:\/\/members.ift.uam-csic.es\/ed\/wp-content\/plugins\/the-events-calendar\/common\/src\/modules\/icons\/link.svg\" \/>\n\t\t\t\tAdd to iCalendar\t\t\t<\/a>\n\t\t<\/div>\n\t\n<\/div>\n\n","protected":false},"excerpt":{"rendered":"<p>Speaker:&nbsp;Prof. Lisa Randall. Institution:&nbsp;Harvard University, USA. Abstract:&nbsp; In this talk, I review the work done with Raman Sundrum and Andreas Karch on models of warped geometry in five-dimensional space that [&hellip;]<\/p>\n","protected":false},"author":1,"featured_media":8596,"comment_status":"closed","ping_status":"closed","template":"","meta":{"_EventAllDay":false,"_EventTimezone":"UTC+0","_EventStartDate":"2025-05-07 15:30:00","_EventEndDate":"2025-05-07 17:00:00","_EventStartDateUTC":"2025-05-07 15:30:00","_EventEndDateUTC":"2025-05-07 17:00:00","_EventShowMap":true,"_EventShowMapLink":true,"_EventURL":"","_EventCost":"","_EventCostDescription":"","_EventCurrencySymbol":"$","_EventCurrencyPosition":"prefix","_EventDateTimeSeparator":" @ ","_EventTimeRangeSeparator":" - ","_EventOrganizerID":[8597],"_EventVenueID":8598,"_OrganizerEmail":"","_OrganizerPhone":"","_OrganizerWebsite":"","_VenueAddress":"","_VenueCity":"","_VenueCountry":"","_VenueProvince":"","_VenueZip":"","_VenuePhone":"","_VenueURL":"","_VenueStateProvince":"","_VenueLat":"","_VenueLng":"","_tribe_events_status":"","_tribe_events_status_reason":"","footnotes":""},"tags":[],"tribe_events_cat":[],"class_list":["post-8595","tribe_events","type-tribe_events","status-publish","has-post-thumbnail","hentry"],"_links":{"self":[{"href":"https:\/\/members.ift.uam-csic.es\/ed\/wp-json\/wp\/v2\/tribe_events\/8595","targetHints":{"allow":["GET"]}}],"collection":[{"href":"https:\/\/members.ift.uam-csic.es\/ed\/wp-json\/wp\/v2\/tribe_events"}],"about":[{"href":"https:\/\/members.ift.uam-csic.es\/ed\/wp-json\/wp\/v2\/types\/tribe_events"}],"author":[{"embeddable":true,"href":"https:\/\/members.ift.uam-csic.es\/ed\/wp-json\/wp\/v2\/users\/1"}],"replies":[{"embeddable":true,"href":"https:\/\/members.ift.uam-csic.es\/ed\/wp-json\/wp\/v2\/comments?post=8595"}],"version-history":[{"count":6,"href":"https:\/\/members.ift.uam-csic.es\/ed\/wp-json\/wp\/v2\/tribe_events\/8595\/revisions"}],"predecessor-version":[{"id":8607,"href":"https:\/\/members.ift.uam-csic.es\/ed\/wp-json\/wp\/v2\/tribe_events\/8595\/revisions\/8607"}],"wp:featuredmedia":[{"embeddable":true,"href":"https:\/\/members.ift.uam-csic.es\/ed\/wp-json\/wp\/v2\/media\/8596"}],"wp:attachment":[{"href":"https:\/\/members.ift.uam-csic.es\/ed\/wp-json\/wp\/v2\/media?parent=8595"}],"wp:term":[{"taxonomy":"post_tag","embeddable":true,"href":"https:\/\/members.ift.uam-csic.es\/ed\/wp-json\/wp\/v2\/tags?post=8595"},{"taxonomy":"tribe_events_cat","embeddable":true,"href":"https:\/\/members.ift.uam-csic.es\/ed\/wp-json\/wp\/v2\/tribe_events_cat?post=8595"}],"curies":[{"name":"wp","href":"https:\/\/api.w.org\/{rel}","templated":true}]}}

<div class="tribe-events-schedule tribe-clearfix">
	<h2 class="tribe-events-schedule__datetime">
		<span class="tribe-events-schedule__date tribe-events-schedule__date--start">
			May 7, 2025		</span>

					<span class="tribe-events-schedule__separator tribe-events-schedule__separator--date">
				 @ 			</span>
			<span class="tribe-events-schedule__time tribe-events-schedule__time--start">
				15:30			</span>
		
									<span class="tribe-events-schedule__separator tribe-events-schedule__separator--time">
					 &#8211; 				</span>
			
							<span class="tribe-events-schedule__time tribe-events-schedule__time--end">
					17:00				</span>
			
						</h2>
</div>



<p><strong>Speaker</strong>:&nbsp;Prof. Lisa Randall. <br><strong>Institution</strong>:&nbsp;Harvard University, USA. </p>



<p><strong>Abstract</strong>:&nbsp; In this talk, I review the work done with Raman Sundrum and Andreas Karch on models of warped geometry in five-dimensional space that have interesting four-dimensional consequences. I review applications to particle physics, cosmology, string theory, and general relativity. I briefly introduce some more recent work on those subjects.</p>



<div class="wp-block-media-text alignwide is-stacked-on-mobile" style="grid-template-columns:35% auto"><figure class="wp-block-media-text__media"><img loading="lazy" decoding="async" width="240" height="300" src="https://members.ift.uam-csic.es/ed/wp-content/uploads/2025/05/randall.png" alt="" class="wp-image-8601 size-full"/></figure><div class="wp-block-media-text__content">
<p>Professor&#8217;s Randall research addresses fundamental questions about the properties and interactions of matter, including work on extra dimensions, the Standard Model, supersymmetry, baryogenesis, cosmological inflation, and dark matter. She has also contributed to developing experimental tests for theoretical models, focusing particularly on the Large Hadron Collider and dark matter searches.</p>



<p>Professor Randall is among the most cited and influential theoretical physicists and is a member of the National Academy of Sciences and the American Academy of Arts and Sciences. She has received numerous honors, including the Alfred P. Sloan Foundation Fellowship, the DOE Outstanding Junior Investigator Award, and the Julius Lilienfeld Prize for both her scientific contributions and science communication efforts.</p>



<p>Beyond academia, she has reached broad audiences through her books&nbsp;<em>Warped Passages</em>&nbsp;and&nbsp;<em>Knocking on Heaven’s Door</em>, both named among The New York Times&#8217; 100 Notable Books of the Year. She has also been recognized in media outlets such as&nbsp;<em>Time Magazine</em>’s &#8220;100 Most Influential People&#8221; and&nbsp;<em>Rolling Stone</em>&#8216;s 40th Anniversary issue.</p>



<p>Professor Randall earned her PhD from Harvard University and previously held professorships at MIT and Princeton before returning to Harvard in 2001.</p>
</div></div>


<div class="tribe-block tribe-block__event-price">
		</div>


<div class="tribe-block tribe-block__organizer__details tribe-clearfix">
	<div class="tribe-block__organizer__title">
		<h3>Departamento de Física Teórica &#038; Instituto de Física Teórica UAM-CSIC</h3>
	</div>
			</div>


<div class="tribe-block tribe-block__venue tribe-block__venue--has-map">
	
	
<div class="tribe-block__venue__meta">
	<div class="tribe-block__venue__name">
		<h3>Aula Polivalente, UAM</h3>
	</div>

	
			<address class="tribe-block__venue__address">
			<span class="tribe-address">

<span class="tribe-street-address">Plaza Mayor de la UAM, Cantoblanco</span>
	
		<br>
		<span class="tribe-locality">Madrid</span><span class="tribe-delimiter">,</span>


	<span class="tribe-postal-code">28049</span>


</span>

							<a class="tribe-events-gmap" href="https://maps.google.com/maps?f=q&#038;source=s_q&#038;hl=en&#038;geocode=&#038;q=Plaza+Mayor+de+la+UAM%2C+Cantoblanco+Madrid+28049" title="Click to view a Google Map" target="_blank" rel="noreferrer noopener">+ Google Map</a>					</address>
	
	
	
	</div>
	
<div class="tribe-block__venue__map">
	
<iframe loading="lazy"
  width="100%"
  height="350px"
  frameborder="0" style="border:0"
  src="https://www.google.com/maps/embed/v1/place?key=AIzaSyDNsicAsP6-VuGtAb1O9riI3oc_NOb7IOU&#038;q=Plaza+Mayor+de+la+UAM%2C+Cantoblanco+Madrid+28049+" allowfullscreen>
</iframe></div>

	</div>




<div class="tribe-block tribe-block__events-link">

			<div class="tribe-block__btn--link tribe-block__events-gcal">
			<a
				href="https://www.google.com/calendar/event?action=TEMPLATE&#038;dates=20250507T153000/20250507T170000&#038;text=1st%20DIFT%20Colloquium%3A%20%26%238217%3B25%20years%20of%20warped%20geometry%26%238217%3B%20by%20Lisa%20Randall.&#038;location=Aula%20Polivalente,%20UAM,%20Plaza%20Mayor%20de%20la%20UAM,%20Cantoblanco,%20Madrid,%2028049&#038;trp=false&#038;ctz=UTC+0&#038;sprop=website:https://members.ift.uam-csic.es/ed"
				target="_blank"
				rel="noopener noreferrer nofollow"
				title="Add to Google Calendar"
			>
				<img decoding="async" src="https://members.ift.uam-csic.es/ed/wp-content/plugins/the-events-calendar/common/src/modules/icons/link.svg" />
				Add to Google Calendar			</a>
		</div>
	
			<div class="tribe-block__btn--link tribe-block__events-ical">
			<a
				href="https://members.ift.uam-csic.es/ed/event/1st-dift-colloquium-25-years-of-warped-geometry-by-lisa-randall/?ical=1"
				rel="noopener noreferrer nofollow"
				title="Add to iCalendar"
			>
				<img decoding="async" src="https://members.ift.uam-csic.es/ed/wp-content/plugins/the-events-calendar/common/src/modules/icons/link.svg" />
				Add to iCalendar			</a>
		</div>
	
</div>
