{"id":6934,"date":"2023-11-07T12:23:26","date_gmt":"2023-11-07T12:23:26","guid":{"rendered":"https:\/\/members.ift.uam-csic.es\/ed\/?post_type=tribe_events&#038;p=6934"},"modified":"2023-11-08T09:04:02","modified_gmt":"2023-11-08T09:04:02","slug":"cuando-la-ciencia-encuentra-al-arte-ift-y-thyssen-en-una-alianza-con-las-musas","status":"publish","type":"tribe_events","link":"https:\/\/members.ift.uam-csic.es\/ed\/event\/cuando-la-ciencia-encuentra-al-arte-ift-y-thyssen-en-una-alianza-con-las-musas\/","title":{"rendered":"Cuando la ciencia encuentra al arte: IFT y Thyssen en una &#8220;alianza con las musas&#8221;"},"content":{"rendered":"<div class=\"tribe-events-schedule tribe-clearfix\">\n\t<h2 class=\"tribe-events-schedule__datetime\">\n\t\t<span class=\"tribe-events-schedule__date tribe-events-schedule__date--start\">\n\t\t\tNovember 16, 2023\t\t<\/span>\n\n\t\t\t\t\t<span class=\"tribe-events-schedule__separator tribe-events-schedule__separator--date\">\n\t\t\t\t @ \t\t\t<\/span>\n\t\t\t<span class=\"tribe-events-schedule__time tribe-events-schedule__time--start\">\n\t\t\t\t17:30\t\t\t<\/span>\n\t\t\n\t\t\t\t\t\t\t\t\t<span class=\"tribe-events-schedule__separator tribe-events-schedule__separator--time\">\n\t\t\t\t\t &#8211; \t\t\t\t<\/span>\n\t\t\t\n\t\t\t\t\t\t\t<span class=\"tribe-events-schedule__time tribe-events-schedule__time--end\">\n\t\t\t\t\t19:00\t\t\t\t<\/span>\n\t\t\t\n\t\t\t\t\t\t<\/h2>\n<\/div>\n\n\n\n<p>Con motivo de la Semana de la Ciencia 2023, el Instituto de F\u00edsica Te\u00f3rica UAM\/CSIC, el&nbsp;<a href=\"https:\/\/www.museothyssen.org\/\">Museo Nacional Thyssen Bornemisza<\/a>&nbsp;y&nbsp;<a href=\"https:\/\/www.laacademiaarteyciencia.com\/\">La Academia: Arte y Ciencia<\/a>&nbsp;se unen para comunicar la ciencia de manera \u00fanica, a trav\u00e9s del arte en un recorrido tem\u00e1tico que&nbsp;<strong>se podr\u00e1 disfrutar del 6 al 19 de noviembre 2023 y que culminar\u00e1 con una mesa redonda el 16 de noviembre.<\/strong><\/p>\n\n\n\n<p><strong><em>La alianza con las musas<\/em>&nbsp;es una propuesta de recorrido libre por las salas siguiendo un itinerario que mezcla arte y ciencia, conectando la experiencia emocional del espectador ante los cuadros con reflexiones cient\u00edficas en base a los mismos.<\/strong><\/p>\n\n\n\n<p>El objetivo es derribar los muros entre disciplinas y aportar una visi\u00f3n singular de la naturaleza que nos rodea a trav\u00e9s de los lenguajes de arte y ciencia, crear una narrativa visual de la ciencia que despierte la imaginaci\u00f3n del visitante y contemplar los cuadros con una mirada diferente.<\/p>\n\n\n\n<p>No se trata de una explicaci\u00f3n est\u00e9tica o de una cr\u00edtica art\u00edstica de las obras, sino de una forma de que la ciencia se vuelva m\u00e1s accesible y envolvente a trav\u00e9s de ese di\u00e1logo con el arte, y que el p\u00fablico experimente c\u00f3mo los misterios de la ciencia se fusionan con los matices del arte para crear un marco conceptual \u00fanico, original y, sobre todo, emotivo. Esta transmisi\u00f3n de la ciencia a trav\u00e9s del arte crea paisajes entre las nociones cient\u00edficas abstractas y las obras de arte concretas de las que todos pueden disfrutar.<\/p>\n\n\n\n<p>La actividad&nbsp;<em>La alianza con las musas<\/em>, pensada para celebrar la Semana de la Ciencia, posee un formato doble:<\/p>\n\n\n\n<p>1) Un folleto gratuito&nbsp;para recorrer libremente&nbsp;<strong>15 obras de la colecci\u00f3n permanente<\/strong>, comentadas por los miembros de La Academia Arte y Ciencia: Miguel Peir\u00f3, Candela P\u00e9rez y Alejandro Sanz; los investigadores del Instituto de F\u00edsica Te\u00f3rica UAM\/CSIC:&nbsp;<strong>Alberto Casas, David Cerde\u00f1o y Esperanza L\u00f3pez<\/strong>, y la cient\u00edfica del Departamento de Biolog\u00eda de la Universidad Aut\u00f3noma de Madrid, Patricia \u00c1lvarez-Campos.<\/p>\n\n\n\n<p>2) Una&nbsp;<strong>mesa redonda<\/strong>&nbsp;moderada por Miguel Peir\u00f3 e integrada por Patricia \u00c1lvarez-Campos, Alberto Casas, Esperanza L\u00f3pez, Candela P\u00e9rez y Alejandro Sanz, que tendr\u00e1 lugar en el sal\u00f3n de actos,<strong>&nbsp;el 16 de noviembre a las 17:30, con entrada gratuita hasta completar el aforo.<\/strong><\/p>\n\n\n\n<p>V\u00eda:&nbsp;<a href=\"https:\/\/www.museothyssen.org\/actividades\/alianza-musas-semana-ciencia-2023-recorrido-tematico-mesa-redonda\">https:\/\/www.museothyssen.org\/actividades\/alianza-musas-semana-ciencia-2023-recorrido-tematico-mesa-redonda<\/a><\/p>\n\n\n\n<figure class=\"wp-block-image size-large\"><a href=\"https:\/\/members.ift.uam-csic.es\/ed\/wp-content\/uploads\/2023\/11\/La-alianza-con-las-musas.pdf\"><img loading=\"lazy\" decoding=\"async\" width=\"732\" height=\"1024\" src=\"https:\/\/members.ift.uam-csic.es\/ed\/wp-content\/uploads\/2023\/11\/La-alianza-con-las-musas-732x1024.jpg\" alt=\"\" class=\"wp-image-6951\" srcset=\"https:\/\/members.ift.uam-csic.es\/ed\/wp-content\/uploads\/2023\/11\/La-alianza-con-las-musas-732x1024.jpg 732w, https:\/\/members.ift.uam-csic.es\/ed\/wp-content\/uploads\/2023\/11\/La-alianza-con-las-musas-214x300.jpg 214w, https:\/\/members.ift.uam-csic.es\/ed\/wp-content\/uploads\/2023\/11\/La-alianza-con-las-musas-768x1075.jpg 768w, https:\/\/members.ift.uam-csic.es\/ed\/wp-content\/uploads\/2023\/11\/La-alianza-con-las-musas-1097x1536.jpg 1097w, https:\/\/members.ift.uam-csic.es\/ed\/wp-content\/uploads\/2023\/11\/La-alianza-con-las-musas-500x700.jpg 500w, https:\/\/members.ift.uam-csic.es\/ed\/wp-content\/uploads\/2023\/11\/La-alianza-con-las-musas-800x1120.jpg 800w, https:\/\/members.ift.uam-csic.es\/ed\/wp-content\/uploads\/2023\/11\/La-alianza-con-las-musas.jpg 1181w\" sizes=\"auto, (max-width: 732px) 100vw, 732px\" \/><\/a><\/figure>\n\n\n<div class=\"tribe-block tribe-block__event-price\">\n\t\t<\/div>\n\n\n\n\n<div class=\"tribe-block tribe-block__venue tribe-block__venue--has-map\">\n\t\n\t\n<div class=\"tribe-block__venue__meta\">\n\t<div class=\"tribe-block__venue__name\">\n\t\t<h3>Museo Thyssen-Bornemisza<\/h3>\n\t<\/div>\n\n\t\n\t\t\t<address class=\"tribe-block__venue__address\">\n\t\t\t<span class=\"tribe-address\">\n\n<span class=\"tribe-street-address\">Museo Thyssen-Bornemisza, Paseo del Prado 8<\/span>\n\t\n\t\t<br>\n\t\t<span class=\"tribe-locality\">Madrid<\/span><span class=\"tribe-delimiter\">,<\/span>\n\n\n\n\t<span class=\"tribe-country-name\">Spain<\/span>\n\n<\/span>\n\n\t\t\t\t\t\t\t<a class=\"tribe-events-gmap\" href=\"https:\/\/maps.google.com\/maps?f=q&#038;source=s_q&#038;hl=en&#038;geocode=&#038;q=Museo+Thyssen-Bornemisza%2C+Paseo+del+Prado+8+Madrid+Spain\" title=\"Click to view a Google Map\" target=\"_blank\" rel=\"noreferrer noopener\">+ Google Map<\/a>\t\t\t\t\t<\/address>\n\t\n\t\n\t\t\t<span class=\"tribe-block__venue__website\"><a href=\"https:\/\/www.museothyssen.org\" target=\"_self\" rel=\"external\">View Venue Website<\/a><\/span><br \/>\n\t\n\t<\/div>\n\t\n<div class=\"tribe-block__venue__map\">\n\t\n<iframe loading=\"lazy\"\n  width=\"100%\"\n  height=\"350px\"\n  frameborder=\"0\" style=\"border:0\"\n  src=\"https:\/\/www.google.com\/maps\/embed\/v1\/place?key=AIzaSyDNsicAsP6-VuGtAb1O9riI3oc_NOb7IOU&#038;q=Museo+Thyssen-Bornemisza%2C+Paseo+del+Prado+8+Madrid+Spain+\" allowfullscreen>\n<\/iframe><\/div>\n\n\t<\/div>\n\n\n\n<p><\/p>\n\n\n<div class=\"tribe-block tribe-block__event-website\">\n\t<a\n\t\thref=\"https:\/\/www.museothyssen.org\/actividades\/alianza-musas-semana-ciencia-2023-recorrido-tematico-mesa-redonda\"\n\t\ttarget=\"_self\"\n\t\t\t>\n\t\tLa alianza con las musas\t<\/a>\n<\/div>\n\n\n<div class=\"tribe-block tribe-block__events-link\">\n\n\t\t\t<div class=\"tribe-block__btn--link tribe-block__events-gcal\">\n\t\t\t<a\n\t\t\t\thref=\"https:\/\/www.google.com\/calendar\/event?action=TEMPLATE&#038;dates=20231116T173000\/20231116T190000&#038;text=Cuando%20la%20ciencia%20encuentra%20al%20arte%3A%20IFT%20y%20Thyssen%20en%20una%20%26%238220%3Balianza%20con%20las%20musas%26%238221%3B&#038;location=Museo%20Thyssen-Bornemisza,%20Museo%20Thyssen-Bornemisza,%20Paseo%20del%20Prado%208,%20Madrid,%20Spain&#038;trp=false&#038;ctz=UTC+0&#038;sprop=website:https:\/\/members.ift.uam-csic.es\/ed\"\n\t\t\t\ttarget=\"_blank\"\n\t\t\t\trel=\"noopener noreferrer nofollow\"\n\t\t\t\ttitle=\"Add to Google Calendar\"\n\t\t\t>\n\t\t\t\t<img decoding=\"async\" src=\"https:\/\/members.ift.uam-csic.es\/ed\/wp-content\/plugins\/the-events-calendar\/common\/src\/modules\/icons\/link.svg\" \/>\n\t\t\t\tAdd to Google Calendar\t\t\t<\/a>\n\t\t<\/div>\n\t\n\t\t\t<div class=\"tribe-block__btn--link tribe-block__events-ical\">\n\t\t\t<a\n\t\t\t\thref=\"https:\/\/members.ift.uam-csic.es\/ed\/event\/cuando-la-ciencia-encuentra-al-arte-ift-y-thyssen-en-una-alianza-con-las-musas\/?ical=1\"\n\t\t\t\trel=\"noopener noreferrer nofollow\"\n\t\t\t\ttitle=\"Add to iCalendar\"\n\t\t\t>\n\t\t\t\t<img decoding=\"async\" src=\"https:\/\/members.ift.uam-csic.es\/ed\/wp-content\/plugins\/the-events-calendar\/common\/src\/modules\/icons\/link.svg\" \/>\n\t\t\t\tAdd to iCalendar\t\t\t<\/a>\n\t\t<\/div>\n\t\n<\/div>\n\n","protected":false},"excerpt":{"rendered":"<p>Con motivo de la Semana de la Ciencia 2023, el Instituto de F\u00edsica Te\u00f3rica UAM\/CSIC, el&nbsp;Museo Nacional Thyssen Bornemisza&nbsp;y&nbsp;La Academia: Arte y Ciencia&nbsp;se unen para comunicar la ciencia de manera [&hellip;]<\/p>\n","protected":false},"author":1,"featured_media":6951,"comment_status":"closed","ping_status":"closed","template":"","meta":{"_EventAllDay":false,"_EventTimezone":"UTC+0","_EventStartDate":"2023-11-16 17:30:00","_EventEndDate":"2023-11-16 19:00:00","_EventStartDateUTC":"2023-11-16 17:30:00","_EventEndDateUTC":"2023-11-16 19:00:00","_EventShowMap":true,"_EventShowMapLink":true,"_EventURL":"https:\/\/www.museothyssen.org\/actividades\/alianza-musas-semana-ciencia-2023-recorrido-tematico-mesa-redonda","_EventCost":"","_EventCostDescription":"","_EventCurrencySymbol":"$","_EventCurrencyPosition":"prefix","_EventDateTimeSeparator":" @ ","_EventTimeRangeSeparator":" - ","_EventOrganizerID":[],"_EventVenueID":6940,"_OrganizerEmail":"","_OrganizerPhone":"","_OrganizerWebsite":"","_VenueAddress":"","_VenueCity":"","_VenueCountry":"","_VenueProvince":"","_VenueZip":"","_VenuePhone":"","_VenueURL":"","_VenueStateProvince":"","_VenueLat":"","_VenueLng":"","_tribe_events_status":"","_tribe_events_status_reason":"","footnotes":""},"tags":[],"tribe_events_cat":[],"class_list":["post-6934","tribe_events","type-tribe_events","status-publish","has-post-thumbnail","hentry"],"_links":{"self":[{"href":"https:\/\/members.ift.uam-csic.es\/ed\/wp-json\/wp\/v2\/tribe_events\/6934","targetHints":{"allow":["GET"]}}],"collection":[{"href":"https:\/\/members.ift.uam-csic.es\/ed\/wp-json\/wp\/v2\/tribe_events"}],"about":[{"href":"https:\/\/members.ift.uam-csic.es\/ed\/wp-json\/wp\/v2\/types\/tribe_events"}],"author":[{"embeddable":true,"href":"https:\/\/members.ift.uam-csic.es\/ed\/wp-json\/wp\/v2\/users\/1"}],"replies":[{"embeddable":true,"href":"https:\/\/members.ift.uam-csic.es\/ed\/wp-json\/wp\/v2\/comments?post=6934"}],"version-history":[{"count":3,"href":"https:\/\/members.ift.uam-csic.es\/ed\/wp-json\/wp\/v2\/tribe_events\/6934\/revisions"}],"predecessor-version":[{"id":6954,"href":"https:\/\/members.ift.uam-csic.es\/ed\/wp-json\/wp\/v2\/tribe_events\/6934\/revisions\/6954"}],"wp:featuredmedia":[{"embeddable":true,"href":"https:\/\/members.ift.uam-csic.es\/ed\/wp-json\/wp\/v2\/media\/6951"}],"wp:attachment":[{"href":"https:\/\/members.ift.uam-csic.es\/ed\/wp-json\/wp\/v2\/media?parent=6934"}],"wp:term":[{"taxonomy":"post_tag","embeddable":true,"href":"https:\/\/members.ift.uam-csic.es\/ed\/wp-json\/wp\/v2\/tags?post=6934"},{"taxonomy":"tribe_events_cat","embeddable":true,"href":"https:\/\/members.ift.uam-csic.es\/ed\/wp-json\/wp\/v2\/tribe_events_cat?post=6934"}],"curies":[{"name":"wp","href":"https:\/\/api.w.org\/{rel}","templated":true}]}}

<div class="tribe-events-schedule tribe-clearfix">
	<h2 class="tribe-events-schedule__datetime">
		<span class="tribe-events-schedule__date tribe-events-schedule__date--start">
			November 16, 2023		</span>

					<span class="tribe-events-schedule__separator tribe-events-schedule__separator--date">
				 @ 			</span>
			<span class="tribe-events-schedule__time tribe-events-schedule__time--start">
				17:30			</span>
		
									<span class="tribe-events-schedule__separator tribe-events-schedule__separator--time">
					 &#8211; 				</span>
			
							<span class="tribe-events-schedule__time tribe-events-schedule__time--end">
					19:00				</span>
			
						</h2>
</div>



<p>Con motivo de la Semana de la Ciencia 2023, el Instituto de Física Teórica UAM/CSIC, el&nbsp;<a href="https://www.museothyssen.org/">Museo Nacional Thyssen Bornemisza</a>&nbsp;y&nbsp;<a href="https://www.laacademiaarteyciencia.com/">La Academia: Arte y Ciencia</a>&nbsp;se unen para comunicar la ciencia de manera única, a través del arte en un recorrido temático que&nbsp;<strong>se podrá disfrutar del 6 al 19 de noviembre 2023 y que culminará con una mesa redonda el 16 de noviembre.</strong></p>



<p><strong><em>La alianza con las musas</em>&nbsp;es una propuesta de recorrido libre por las salas siguiendo un itinerario que mezcla arte y ciencia, conectando la experiencia emocional del espectador ante los cuadros con reflexiones científicas en base a los mismos.</strong></p>



<p>El objetivo es derribar los muros entre disciplinas y aportar una visión singular de la naturaleza que nos rodea a través de los lenguajes de arte y ciencia, crear una narrativa visual de la ciencia que despierte la imaginación del visitante y contemplar los cuadros con una mirada diferente.</p>



<p>No se trata de una explicación estética o de una crítica artística de las obras, sino de una forma de que la ciencia se vuelva más accesible y envolvente a través de ese diálogo con el arte, y que el público experimente cómo los misterios de la ciencia se fusionan con los matices del arte para crear un marco conceptual único, original y, sobre todo, emotivo. Esta transmisión de la ciencia a través del arte crea paisajes entre las nociones científicas abstractas y las obras de arte concretas de las que todos pueden disfrutar.</p>



<p>La actividad&nbsp;<em>La alianza con las musas</em>, pensada para celebrar la Semana de la Ciencia, posee un formato doble:</p>



<p>1) Un folleto gratuito&nbsp;para recorrer libremente&nbsp;<strong>15 obras de la colección permanente</strong>, comentadas por los miembros de La Academia Arte y Ciencia: Miguel Peiró, Candela Pérez y Alejandro Sanz; los investigadores del Instituto de Física Teórica UAM/CSIC:&nbsp;<strong>Alberto Casas, David Cerdeño y Esperanza López</strong>, y la científica del Departamento de Biología de la Universidad Autónoma de Madrid, Patricia Álvarez-Campos.</p>



<p>2) Una&nbsp;<strong>mesa redonda</strong>&nbsp;moderada por Miguel Peiró e integrada por Patricia Álvarez-Campos, Alberto Casas, Esperanza López, Candela Pérez y Alejandro Sanz, que tendrá lugar en el salón de actos,<strong>&nbsp;el 16 de noviembre a las 17:30, con entrada gratuita hasta completar el aforo.</strong></p>



<p>Vía:&nbsp;<a href="https://www.museothyssen.org/actividades/alianza-musas-semana-ciencia-2023-recorrido-tematico-mesa-redonda">https://www.museothyssen.org/actividades/alianza-musas-semana-ciencia-2023-recorrido-tematico-mesa-redonda</a></p>



<figure class="wp-block-image size-large"><a href="https://members.ift.uam-csic.es/ed/wp-content/uploads/2023/11/La-alianza-con-las-musas.pdf"><img loading="lazy" decoding="async" width="732" height="1024" src="https://members.ift.uam-csic.es/ed/wp-content/uploads/2023/11/La-alianza-con-las-musas-732x1024.jpg" alt="" class="wp-image-6951" srcset="https://members.ift.uam-csic.es/ed/wp-content/uploads/2023/11/La-alianza-con-las-musas-732x1024.jpg 732w, https://members.ift.uam-csic.es/ed/wp-content/uploads/2023/11/La-alianza-con-las-musas-214x300.jpg 214w, https://members.ift.uam-csic.es/ed/wp-content/uploads/2023/11/La-alianza-con-las-musas-768x1075.jpg 768w, https://members.ift.uam-csic.es/ed/wp-content/uploads/2023/11/La-alianza-con-las-musas-1097x1536.jpg 1097w, https://members.ift.uam-csic.es/ed/wp-content/uploads/2023/11/La-alianza-con-las-musas-500x700.jpg 500w, https://members.ift.uam-csic.es/ed/wp-content/uploads/2023/11/La-alianza-con-las-musas-800x1120.jpg 800w, https://members.ift.uam-csic.es/ed/wp-content/uploads/2023/11/La-alianza-con-las-musas.jpg 1181w" sizes="auto, (max-width: 732px) 100vw, 732px" /></a></figure>


<div class="tribe-block tribe-block__event-price">
		</div>




<div class="tribe-block tribe-block__venue tribe-block__venue--has-map">
	
	
<div class="tribe-block__venue__meta">
	<div class="tribe-block__venue__name">
		<h3>Museo Thyssen-Bornemisza</h3>
	</div>

	
			<address class="tribe-block__venue__address">
			<span class="tribe-address">

<span class="tribe-street-address">Museo Thyssen-Bornemisza, Paseo del Prado 8</span>
	
		<br>
		<span class="tribe-locality">Madrid</span><span class="tribe-delimiter">,</span>



	<span class="tribe-country-name">Spain</span>

</span>

							<a class="tribe-events-gmap" href="https://maps.google.com/maps?f=q&#038;source=s_q&#038;hl=en&#038;geocode=&#038;q=Museo+Thyssen-Bornemisza%2C+Paseo+del+Prado+8+Madrid+Spain" title="Click to view a Google Map" target="_blank" rel="noreferrer noopener">+ Google Map</a>					</address>
	
	
			<span class="tribe-block__venue__website"><a href="https://www.museothyssen.org" target="_self" rel="external">View Venue Website</a></span><br />
	
	</div>
	
<div class="tribe-block__venue__map">
	
<iframe loading="lazy"
  width="100%"
  height="350px"
  frameborder="0" style="border:0"
  src="https://www.google.com/maps/embed/v1/place?key=AIzaSyDNsicAsP6-VuGtAb1O9riI3oc_NOb7IOU&#038;q=Museo+Thyssen-Bornemisza%2C+Paseo+del+Prado+8+Madrid+Spain+" allowfullscreen>
</iframe></div>

	</div>



<p></p>


<div class="tribe-block tribe-block__event-website">
	<a
		href="https://www.museothyssen.org/actividades/alianza-musas-semana-ciencia-2023-recorrido-tematico-mesa-redonda"
		target="_self"
			>
		La alianza con las musas	</a>
</div>


<div class="tribe-block tribe-block__events-link">

			<div class="tribe-block__btn--link tribe-block__events-gcal">
			<a
				href="https://www.google.com/calendar/event?action=TEMPLATE&#038;dates=20231116T173000/20231116T190000&#038;text=Cuando%20la%20ciencia%20encuentra%20al%20arte%3A%20IFT%20y%20Thyssen%20en%20una%20%26%238220%3Balianza%20con%20las%20musas%26%238221%3B&#038;location=Museo%20Thyssen-Bornemisza,%20Museo%20Thyssen-Bornemisza,%20Paseo%20del%20Prado%208,%20Madrid,%20Spain&#038;trp=false&#038;ctz=UTC+0&#038;sprop=website:https://members.ift.uam-csic.es/ed"
				target="_blank"
				rel="noopener noreferrer nofollow"
				title="Add to Google Calendar"
			>
				<img decoding="async" src="https://members.ift.uam-csic.es/ed/wp-content/plugins/the-events-calendar/common/src/modules/icons/link.svg" />
				Add to Google Calendar			</a>
		</div>
	
			<div class="tribe-block__btn--link tribe-block__events-ical">
			<a
				href="https://members.ift.uam-csic.es/ed/event/cuando-la-ciencia-encuentra-al-arte-ift-y-thyssen-en-una-alianza-con-las-musas/?ical=1"
				rel="noopener noreferrer nofollow"
				title="Add to iCalendar"
			>
				<img decoding="async" src="https://members.ift.uam-csic.es/ed/wp-content/plugins/the-events-calendar/common/src/modules/icons/link.svg" />
				Add to iCalendar			</a>
		</div>
	
</div>

<p>Con motivo de la Semana de la Ciencia 2023, el Instituto de Física Teórica UAM/CSIC, el&nbsp;Museo Nacional Thyssen Bornemisza&nbsp;y&nbsp;La Academia: Arte y Ciencia&nbsp;se unen para comunicar la ciencia de manera [&hellip;]</p>
