{"id":6174,"date":"2023-03-06T09:38:09","date_gmt":"2023-03-06T09:38:09","guid":{"rendered":"https:\/\/members.ift.uam-csic.es\/ed\/?post_type=tribe_events&#038;p=6174"},"modified":"2023-03-06T09:38:09","modified_gmt":"2023-03-06T09:38:09","slug":"actividades-en-la-uam-por-el-8m-dia-internacional-de-las-mujeres","status":"publish","type":"tribe_events","link":"https:\/\/members.ift.uam-csic.es\/ed\/event\/actividades-en-la-uam-por-el-8m-dia-internacional-de-las-mujeres\/","title":{"rendered":"Actividades en la UAM por el 8M, D\u00eda Internacional de las Mujeres"},"content":{"rendered":"<div class=\"tribe-events-schedule tribe-clearfix\">\n\t<h2 class=\"tribe-events-schedule__datetime\">\n\t\t<span class=\"tribe-events-schedule__date tribe-events-schedule__date--start\">\n\t\t\tMarch 8, 2023\t\t<\/span>\n\n\t\t\t\t\t<span class=\"tribe-events-schedule__separator tribe-events-schedule__separator--date\">\n\t\t\t\t @ \t\t\t<\/span>\n\t\t\t<span class=\"tribe-events-schedule__time tribe-events-schedule__time--start\">\n\t\t\t\t08:00\t\t\t<\/span>\n\t\t\n\t\t\t\t\t\t\t\t\t<span class=\"tribe-events-schedule__separator tribe-events-schedule__separator--time\">\n\t\t\t\t\t &#8211; \t\t\t\t<\/span>\n\t\t\t\n\t\t\t\t\t\t\t<span class=\"tribe-events-schedule__time tribe-events-schedule__time--end\">\n\t\t\t\t\t17:00\t\t\t\t<\/span>\n\t\t\t\n\t\t\t\t\t\t<\/h2>\n<\/div>\n\n\n\n<figure class=\"wp-block-image size-large\"><img loading=\"lazy\" decoding=\"async\" width=\"1024\" height=\"577\" src=\"https:\/\/members.ift.uam-csic.es\/ed\/wp-content\/uploads\/2023\/03\/BANNER8MUAM-2023-1024x577.png\" alt=\"\" class=\"wp-image-6160\" srcset=\"https:\/\/members.ift.uam-csic.es\/ed\/wp-content\/uploads\/2023\/03\/BANNER8MUAM-2023-1024x577.png 1024w, https:\/\/members.ift.uam-csic.es\/ed\/wp-content\/uploads\/2023\/03\/BANNER8MUAM-2023-300x169.png 300w, https:\/\/members.ift.uam-csic.es\/ed\/wp-content\/uploads\/2023\/03\/BANNER8MUAM-2023-768x433.png 768w, https:\/\/members.ift.uam-csic.es\/ed\/wp-content\/uploads\/2023\/03\/BANNER8MUAM-2023-1536x866.png 1536w, https:\/\/members.ift.uam-csic.es\/ed\/wp-content\/uploads\/2023\/03\/BANNER8MUAM-2023-2048x1155.png 2048w, https:\/\/members.ift.uam-csic.es\/ed\/wp-content\/uploads\/2023\/03\/BANNER8MUAM-2023-500x282.png 500w, https:\/\/members.ift.uam-csic.es\/ed\/wp-content\/uploads\/2023\/03\/BANNER8MUAM-2023-800x451.png 800w, https:\/\/members.ift.uam-csic.es\/ed\/wp-content\/uploads\/2023\/03\/BANNER8MUAM-2023-1280x722.png 1280w, https:\/\/members.ift.uam-csic.es\/ed\/wp-content\/uploads\/2023\/03\/BANNER8MUAM-2023-1920x1083.png 1920w, https:\/\/members.ift.uam-csic.es\/ed\/wp-content\/uploads\/2023\/03\/BANNER8MUAM-2023-1200x677.png 1200w, https:\/\/members.ift.uam-csic.es\/ed\/wp-content\/uploads\/2023\/03\/BANNER8MUAM-2023-1980x1117.png 1980w\" sizes=\"auto, (max-width: 1024px) 100vw, 1024px\" \/><\/figure>\n\n\n\n<p>El 8 de marzo fue declarado D\u00eda Internacional por la Asamblea de Naciones Unidas en el a\u00f1o 1977. Desde entonces, cada vez m\u00e1s pa\u00edses conmemoran este d\u00eda con el objetivo de alcanzar la igualdad real entre mujeres y hombres.<\/p>\n\n\n\n<p>En el enlace&nbsp;<strong><a href=\"https:\/\/www.uam.es\/uam\/8m-2023-uam\">UAM-8M-2023<\/a><\/strong>&nbsp;se puede acceder al cartel completo de actividades organizadas por la Unidad de Igualdad de la UAM y varios centros del campus UAM-CSIC para los pr\u00f3ximos d\u00edas.&nbsp;<\/p>\n\n\n<div class=\"tribe-block tribe-block__event-price\">\n\t\t<\/div>\n\n\n\n\n<div class=\"tribe-block tribe-block__venue tribe-block__venue--has-map\">\n\t\n\t\t\n\t<\/div>\n\n\n\n\n<div class=\"tribe-block tribe-block__events-link\">\n\n\t\t\t<div class=\"tribe-block__btn--link tribe-block__events-gcal\">\n\t\t\t<a\n\t\t\t\thref=\"https:\/\/www.google.com\/calendar\/event?action=TEMPLATE&#038;dates=20230308T080000\/20230308T170000&#038;text=Actividades%20en%20la%20UAM%20por%20el%208M%2C%20D%C3%ADa%20Internacional%20de%20las%20Mujeres&#038;trp=false&#038;ctz=UTC+0&#038;sprop=website:https:\/\/members.ift.uam-csic.es\/ed\"\n\t\t\t\ttarget=\"_blank\"\n\t\t\t\trel=\"noopener noreferrer nofollow\"\n\t\t\t\ttitle=\"Add to Google Calendar\"\n\t\t\t>\n\t\t\t\t<img decoding=\"async\" src=\"https:\/\/members.ift.uam-csic.es\/ed\/wp-content\/plugins\/the-events-calendar\/common\/src\/modules\/icons\/link.svg\" \/>\n\t\t\t\tAdd to Google Calendar\t\t\t<\/a>\n\t\t<\/div>\n\t\n\t\t\t<div class=\"tribe-block__btn--link tribe-block__events-ical\">\n\t\t\t<a\n\t\t\t\thref=\"https:\/\/members.ift.uam-csic.es\/ed\/event\/actividades-en-la-uam-por-el-8m-dia-internacional-de-las-mujeres\/?ical=1\"\n\t\t\t\trel=\"noopener noreferrer nofollow\"\n\t\t\t\ttitle=\"Add to iCalendar\"\n\t\t\t>\n\t\t\t\t<img decoding=\"async\" src=\"https:\/\/members.ift.uam-csic.es\/ed\/wp-content\/plugins\/the-events-calendar\/common\/src\/modules\/icons\/link.svg\" \/>\n\t\t\t\tAdd to iCalendar\t\t\t<\/a>\n\t\t<\/div>\n\t\n<\/div>\n\n","protected":false},"excerpt":{"rendered":"<p>El 8 de marzo fue declarado D\u00eda Internacional por la Asamblea de Naciones Unidas en el a\u00f1o 1977. Desde entonces, cada vez m\u00e1s pa\u00edses conmemoran este d\u00eda con el objetivo [&hellip;]<\/p>\n","protected":false},"author":1,"featured_media":6160,"comment_status":"closed","ping_status":"closed","template":"","meta":{"_EventAllDay":false,"_EventTimezone":"UTC+0","_EventStartDate":"2023-03-08 08:00:00","_EventEndDate":"2023-03-08 17:00:00","_EventStartDateUTC":"2023-03-08 08:00:00","_EventEndDateUTC":"2023-03-08 17:00:00","_EventShowMap":true,"_EventShowMapLink":true,"_EventURL":"","_EventCost":"","_EventCostDescription":"","_EventCurrencySymbol":"$","_EventCurrencyPosition":"prefix","_EventDateTimeSeparator":" @ ","_EventTimeRangeSeparator":" - ","_EventOrganizerID":[],"_EventVenueID":0,"_OrganizerEmail":"","_OrganizerPhone":"","_OrganizerWebsite":"","_VenueAddress":"","_VenueCity":"","_VenueCountry":"","_VenueProvince":"","_VenueZip":"","_VenuePhone":"","_VenueURL":"","_VenueStateProvince":"","_VenueLat":"","_VenueLng":"","_tribe_events_status":"","_tribe_events_status_reason":"","footnotes":""},"tags":[],"tribe_events_cat":[],"class_list":["post-6174","tribe_events","type-tribe_events","status-publish","has-post-thumbnail","hentry"],"_links":{"self":[{"href":"https:\/\/members.ift.uam-csic.es\/ed\/wp-json\/wp\/v2\/tribe_events\/6174","targetHints":{"allow":["GET"]}}],"collection":[{"href":"https:\/\/members.ift.uam-csic.es\/ed\/wp-json\/wp\/v2\/tribe_events"}],"about":[{"href":"https:\/\/members.ift.uam-csic.es\/ed\/wp-json\/wp\/v2\/types\/tribe_events"}],"author":[{"embeddable":true,"href":"https:\/\/members.ift.uam-csic.es\/ed\/wp-json\/wp\/v2\/users\/1"}],"replies":[{"embeddable":true,"href":"https:\/\/members.ift.uam-csic.es\/ed\/wp-json\/wp\/v2\/comments?post=6174"}],"version-history":[{"count":1,"href":"https:\/\/members.ift.uam-csic.es\/ed\/wp-json\/wp\/v2\/tribe_events\/6174\/revisions"}],"predecessor-version":[{"id":6175,"href":"https:\/\/members.ift.uam-csic.es\/ed\/wp-json\/wp\/v2\/tribe_events\/6174\/revisions\/6175"}],"wp:featuredmedia":[{"embeddable":true,"href":"https:\/\/members.ift.uam-csic.es\/ed\/wp-json\/wp\/v2\/media\/6160"}],"wp:attachment":[{"href":"https:\/\/members.ift.uam-csic.es\/ed\/wp-json\/wp\/v2\/media?parent=6174"}],"wp:term":[{"taxonomy":"post_tag","embeddable":true,"href":"https:\/\/members.ift.uam-csic.es\/ed\/wp-json\/wp\/v2\/tags?post=6174"},{"taxonomy":"tribe_events_cat","embeddable":true,"href":"https:\/\/members.ift.uam-csic.es\/ed\/wp-json\/wp\/v2\/tribe_events_cat?post=6174"}],"curies":[{"name":"wp","href":"https:\/\/api.w.org\/{rel}","templated":true}]}}

Actividades en la UAM por el 8M, Día Internacional de las Mujeres

<div class="tribe-events-schedule tribe-clearfix">
	<h2 class="tribe-events-schedule__datetime">
		<span class="tribe-events-schedule__date tribe-events-schedule__date--start">
			March 8, 2023		</span>

					<span class="tribe-events-schedule__separator tribe-events-schedule__separator--date">
				 @ 			</span>
			<span class="tribe-events-schedule__time tribe-events-schedule__time--start">
				08:00			</span>
		
									<span class="tribe-events-schedule__separator tribe-events-schedule__separator--time">
					 &#8211; 				</span>
			
							<span class="tribe-events-schedule__time tribe-events-schedule__time--end">
					17:00				</span>
			
						</h2>
</div>



<figure class="wp-block-image size-large"><img loading="lazy" decoding="async" width="1024" height="577" src="https://members.ift.uam-csic.es/ed/wp-content/uploads/2023/03/BANNER8MUAM-2023-1024x577.png" alt="" class="wp-image-6160" srcset="https://members.ift.uam-csic.es/ed/wp-content/uploads/2023/03/BANNER8MUAM-2023-1024x577.png 1024w, https://members.ift.uam-csic.es/ed/wp-content/uploads/2023/03/BANNER8MUAM-2023-300x169.png 300w, https://members.ift.uam-csic.es/ed/wp-content/uploads/2023/03/BANNER8MUAM-2023-768x433.png 768w, https://members.ift.uam-csic.es/ed/wp-content/uploads/2023/03/BANNER8MUAM-2023-1536x866.png 1536w, https://members.ift.uam-csic.es/ed/wp-content/uploads/2023/03/BANNER8MUAM-2023-2048x1155.png 2048w, https://members.ift.uam-csic.es/ed/wp-content/uploads/2023/03/BANNER8MUAM-2023-500x282.png 500w, https://members.ift.uam-csic.es/ed/wp-content/uploads/2023/03/BANNER8MUAM-2023-800x451.png 800w, https://members.ift.uam-csic.es/ed/wp-content/uploads/2023/03/BANNER8MUAM-2023-1280x722.png 1280w, https://members.ift.uam-csic.es/ed/wp-content/uploads/2023/03/BANNER8MUAM-2023-1920x1083.png 1920w, https://members.ift.uam-csic.es/ed/wp-content/uploads/2023/03/BANNER8MUAM-2023-1200x677.png 1200w, https://members.ift.uam-csic.es/ed/wp-content/uploads/2023/03/BANNER8MUAM-2023-1980x1117.png 1980w" sizes="auto, (max-width: 1024px) 100vw, 1024px" /></figure>



<p>El 8 de marzo fue declarado Día Internacional por la Asamblea de Naciones Unidas en el año 1977. Desde entonces, cada vez más países conmemoran este día con el objetivo de alcanzar la igualdad real entre mujeres y hombres.</p>



<p>En el enlace&nbsp;<strong><a href="https://www.uam.es/uam/8m-2023-uam">UAM-8M-2023</a></strong>&nbsp;se puede acceder al cartel completo de actividades organizadas por la Unidad de Igualdad de la UAM y varios centros del campus UAM-CSIC para los próximos días.&nbsp;</p>


<div class="tribe-block tribe-block__event-price">
		</div>




<div class="tribe-block tribe-block__venue tribe-block__venue--has-map">
	
		
	</div>




<div class="tribe-block tribe-block__events-link">

			<div class="tribe-block__btn--link tribe-block__events-gcal">
			<a
				href="https://www.google.com/calendar/event?action=TEMPLATE&#038;dates=20230308T080000/20230308T170000&#038;text=Actividades%20en%20la%20UAM%20por%20el%208M%2C%20D%C3%ADa%20Internacional%20de%20las%20Mujeres&#038;trp=false&#038;ctz=UTC+0&#038;sprop=website:https://members.ift.uam-csic.es/ed"
				target="_blank"
				rel="noopener noreferrer nofollow"
				title="Add to Google Calendar"
			>
				<img decoding="async" src="https://members.ift.uam-csic.es/ed/wp-content/plugins/the-events-calendar/common/src/modules/icons/link.svg" />
				Add to Google Calendar			</a>
		</div>
	
			<div class="tribe-block__btn--link tribe-block__events-ical">
			<a
				href="https://members.ift.uam-csic.es/ed/event/actividades-en-la-uam-por-el-8m-dia-internacional-de-las-mujeres/?ical=1"
				rel="noopener noreferrer nofollow"
				title="Add to iCalendar"
			>
				<img decoding="async" src="https://members.ift.uam-csic.es/ed/wp-content/plugins/the-events-calendar/common/src/modules/icons/link.svg" />
				Add to iCalendar			</a>
		</div>
	
</div>

<p>El 8 de marzo fue declarado Día Internacional por la Asamblea de Naciones Unidas en el año 1977. Desde entonces, cada vez más países conmemoran este día con el objetivo [&hellip;]</p>
