{"id":6092,"date":"2023-02-13T08:21:58","date_gmt":"2023-02-13T08:21:58","guid":{"rendered":"https:\/\/members.ift.uam-csic.es\/ed\/?post_type=tribe_events&#038;p=6092"},"modified":"2023-02-14T10:55:23","modified_gmt":"2023-02-14T10:55:23","slug":"entrega-del-distintivo-de-igualdad-del-csic","status":"publish","type":"tribe_events","link":"https:\/\/members.ift.uam-csic.es\/ed\/event\/entrega-del-distintivo-de-igualdad-del-csic\/","title":{"rendered":"Entrega del Distintivo de Igualdad del CSIC"},"content":{"rendered":"<div class=\"tribe-events-schedule tribe-clearfix\">\n\t<h2 class=\"tribe-events-schedule__datetime\">\n\t\t<span class=\"tribe-events-schedule__date tribe-events-schedule__date--start\">\n\t\t\tFebruary 15, 2023\t\t<\/span>\n\n\t\t\t\t\t<span class=\"tribe-events-schedule__separator tribe-events-schedule__separator--date\">\n\t\t\t\t @ \t\t\t<\/span>\n\t\t\t<span class=\"tribe-events-schedule__time tribe-events-schedule__time--start\">\n\t\t\t\t12:00\t\t\t<\/span>\n\t\t\n\t\t\t\t\t\t\t\t\t<span class=\"tribe-events-schedule__separator tribe-events-schedule__separator--time\">\n\t\t\t\t\t &#8211; \t\t\t\t<\/span>\n\t\t\t\n\t\t\t\t\t\t\t<span class=\"tribe-events-schedule__time tribe-events-schedule__time--end\">\n\t\t\t\t\t13:00\t\t\t\t<\/span>\n\t\t\t\n\t\t\t\t\t\t<\/h2>\n<\/div>\n\n\n\n<p><br>El pr\u00f3ximo mi\u00e9rcoles 15 de febrero a las 12:00 tendr\u00e1 lugar la entrega de los Distintivos de Igualdad del CSIC 2022 que premian la implementaci\u00f3n de pol\u00edticas de igualdad en los centros del organismo.<\/p>\n\n\n\n<p>El Instituto de F\u00edsica Te\u00f3rica (IFT) ha recibido el distintivo de acreditaci\u00f3n en igualdad de g\u00e9nero en la modalidad acc\u00e9sit.<\/p>\n\n\n\n<p>El jurado ha destacado \u201cla adecuaci\u00f3n llevada a cabo de las medidas contempladas en el Plan de Igualdad; el establecimiento de actuaciones novedosas; el dise\u00f1o de contenidos de publicidad inclusivos y la desagregaci\u00f3n por g\u00e9nero de datos de personal; por la realizaci\u00f3n de actividades de divulgaci\u00f3n cient\u00edfica con especial atenci\u00f3n a la incentivaci\u00f3n de vocaciones cient\u00edficas en las ni\u00f1as\u201d.&nbsp;<\/p>\n\n\n\n<p>El Distintivo de acreditaci\u00f3n en igualdad de g\u00e9nero en su quinta edici\u00f3n ha sido concedido al Instituto de F\u00edsica Corpuscular (IFIC).\u00a0Mientras, el\u00a0El Centro Nacional de Biotecnolog\u00eda (CNB) ha sido reconocido tambi\u00e9n con la modalidad acc\u00e9sit.<\/p>\n\n\n\n<p><strong>La ceremonia podr\u00e1 seguirse en directo <a href=\"https:\/\/youtu.be\/Zn4olZZwcWU\">aqu\u00ed<\/a>.<\/strong><\/p>\n\n\n<div class=\"tribe-block tribe-block__event-price\">\n\t\t<\/div>\n\n\n\n\n<div class=\"tribe-block tribe-block__venue tribe-block__venue--has-map\">\n\t\n\t\n<div class=\"tribe-block__venue__meta\">\n\t<div class=\"tribe-block__venue__name\">\n\t\t<h3>CSIC Serrano<\/h3>\n\t<\/div>\n\n\t\n\t\t\t<address class=\"tribe-block__venue__address\">\n\t\t\t<span class=\"tribe-address\">\n\n<span class=\"tribe-street-address\">Serrano 117<\/span>\n\t\n\t\t<br>\n\t\t<span class=\"tribe-locality\">Madrid<\/span><span class=\"tribe-delimiter\">,<\/span>\n\n\n\n\t<span class=\"tribe-country-name\">Spain<\/span>\n\n<\/span>\n\n\t\t\t\t\t\t\t<a class=\"tribe-events-gmap\" href=\"https:\/\/maps.google.com\/maps?f=q&#038;source=s_q&#038;hl=en&#038;geocode=&#038;q=Serrano+117+Madrid+Spain\" title=\"Click to view a Google Map\" target=\"_blank\" rel=\"noreferrer noopener\">+ Google Map<\/a>\t\t\t\t\t<\/address>\n\t\n\t\n\t\t\t<span class=\"tribe-block__venue__website\"><a href=\"https:\/\/www.csic.es\/es\" target=\"_self\" rel=\"external\">View Venue Website<\/a><\/span><br \/>\n\t\n\t<\/div>\n\t\n<div class=\"tribe-block__venue__map\">\n\t\n<iframe loading=\"lazy\"\n  width=\"100%\"\n  height=\"350px\"\n  frameborder=\"0\" style=\"border:0\"\n  src=\"https:\/\/www.google.com\/maps\/embed\/v1\/place?key=AIzaSyDNsicAsP6-VuGtAb1O9riI3oc_NOb7IOU&#038;q=Serrano+117+Madrid+Spain+\" allowfullscreen>\n<\/iframe><\/div>\n\n\t<\/div>\n\n\n\n\n<div class=\"tribe-block tribe-block__events-link\">\n\n\t\t\t<div class=\"tribe-block__btn--link tribe-block__events-gcal\">\n\t\t\t<a\n\t\t\t\thref=\"https:\/\/www.google.com\/calendar\/event?action=TEMPLATE&#038;dates=20230215T120000\/20230215T130000&#038;text=Entrega%20del%20Distintivo%20de%20Igualdad%20del%20CSIC&#038;location=CSIC%20Serrano,%20Serrano%20117,%20Madrid,%20Spain&#038;trp=false&#038;ctz=UTC+0&#038;sprop=website:https:\/\/members.ift.uam-csic.es\/ed\"\n\t\t\t\ttarget=\"_blank\"\n\t\t\t\trel=\"noopener noreferrer nofollow\"\n\t\t\t\ttitle=\"Add to Google Calendar\"\n\t\t\t>\n\t\t\t\t<img decoding=\"async\" src=\"https:\/\/members.ift.uam-csic.es\/ed\/wp-content\/plugins\/the-events-calendar\/common\/src\/modules\/icons\/link.svg\" \/>\n\t\t\t\tAdd to Google Calendar\t\t\t<\/a>\n\t\t<\/div>\n\t\n\t\t\t<div class=\"tribe-block__btn--link tribe-block__events-ical\">\n\t\t\t<a\n\t\t\t\thref=\"https:\/\/members.ift.uam-csic.es\/ed\/event\/entrega-del-distintivo-de-igualdad-del-csic\/?ical=1\"\n\t\t\t\trel=\"noopener noreferrer nofollow\"\n\t\t\t\ttitle=\"Add to iCalendar\"\n\t\t\t>\n\t\t\t\t<img decoding=\"async\" src=\"https:\/\/members.ift.uam-csic.es\/ed\/wp-content\/plugins\/the-events-calendar\/common\/src\/modules\/icons\/link.svg\" \/>\n\t\t\t\tAdd to iCalendar\t\t\t<\/a>\n\t\t<\/div>\n\t\n<\/div>\n\n","protected":false},"excerpt":{"rendered":"<p>El pr\u00f3ximo mi\u00e9rcoles 15 de febrero a las 12:00 tendr\u00e1 lugar la entrega de los Distintivos de Igualdad del CSIC 2022 que premian la implementaci\u00f3n de pol\u00edticas de igualdad en [&hellip;]<\/p>\n","protected":false},"author":1,"featured_media":6087,"comment_status":"closed","ping_status":"closed","template":"","meta":{"_EventAllDay":false,"_EventTimezone":"UTC+0","_EventStartDate":"2023-02-15 12:00:00","_EventEndDate":"2023-02-15 13:00:00","_EventStartDateUTC":"2023-02-15 12:00:00","_EventEndDateUTC":"2023-02-15 13:00:00","_EventShowMap":true,"_EventShowMapLink":true,"_EventURL":"","_EventCost":"","_EventCostDescription":"","_EventCurrencySymbol":"$","_EventCurrencyPosition":"prefix","_EventDateTimeSeparator":" @ ","_EventTimeRangeSeparator":" - ","_EventOrganizerID":[],"_EventVenueID":6093,"_OrganizerEmail":"","_OrganizerPhone":"","_OrganizerWebsite":"","_VenueAddress":"","_VenueCity":"","_VenueCountry":"","_VenueProvince":"","_VenueZip":"","_VenuePhone":"","_VenueURL":"","_VenueStateProvince":"","_VenueLat":"","_VenueLng":"","_tribe_events_status":"","_tribe_events_status_reason":"","footnotes":""},"tags":[],"tribe_events_cat":[],"class_list":["post-6092","tribe_events","type-tribe_events","status-publish","has-post-thumbnail","hentry"],"_links":{"self":[{"href":"https:\/\/members.ift.uam-csic.es\/ed\/wp-json\/wp\/v2\/tribe_events\/6092","targetHints":{"allow":["GET"]}}],"collection":[{"href":"https:\/\/members.ift.uam-csic.es\/ed\/wp-json\/wp\/v2\/tribe_events"}],"about":[{"href":"https:\/\/members.ift.uam-csic.es\/ed\/wp-json\/wp\/v2\/types\/tribe_events"}],"author":[{"embeddable":true,"href":"https:\/\/members.ift.uam-csic.es\/ed\/wp-json\/wp\/v2\/users\/1"}],"replies":[{"embeddable":true,"href":"https:\/\/members.ift.uam-csic.es\/ed\/wp-json\/wp\/v2\/comments?post=6092"}],"version-history":[{"count":2,"href":"https:\/\/members.ift.uam-csic.es\/ed\/wp-json\/wp\/v2\/tribe_events\/6092\/revisions"}],"predecessor-version":[{"id":6115,"href":"https:\/\/members.ift.uam-csic.es\/ed\/wp-json\/wp\/v2\/tribe_events\/6092\/revisions\/6115"}],"wp:featuredmedia":[{"embeddable":true,"href":"https:\/\/members.ift.uam-csic.es\/ed\/wp-json\/wp\/v2\/media\/6087"}],"wp:attachment":[{"href":"https:\/\/members.ift.uam-csic.es\/ed\/wp-json\/wp\/v2\/media?parent=6092"}],"wp:term":[{"taxonomy":"post_tag","embeddable":true,"href":"https:\/\/members.ift.uam-csic.es\/ed\/wp-json\/wp\/v2\/tags?post=6092"},{"taxonomy":"tribe_events_cat","embeddable":true,"href":"https:\/\/members.ift.uam-csic.es\/ed\/wp-json\/wp\/v2\/tribe_events_cat?post=6092"}],"curies":[{"name":"wp","href":"https:\/\/api.w.org\/{rel}","templated":true}]}}

<div class="tribe-events-schedule tribe-clearfix">
	<h2 class="tribe-events-schedule__datetime">
		<span class="tribe-events-schedule__date tribe-events-schedule__date--start">
			February 15, 2023		</span>

					<span class="tribe-events-schedule__separator tribe-events-schedule__separator--date">
				 @ 			</span>
			<span class="tribe-events-schedule__time tribe-events-schedule__time--start">
				12:00			</span>
		
									<span class="tribe-events-schedule__separator tribe-events-schedule__separator--time">
					 &#8211; 				</span>
			
							<span class="tribe-events-schedule__time tribe-events-schedule__time--end">
					13:00				</span>
			
						</h2>
</div>



<p><br>El próximo miércoles 15 de febrero a las 12:00 tendrá lugar la entrega de los Distintivos de Igualdad del CSIC 2022 que premian la implementación de políticas de igualdad en los centros del organismo.</p>



<p>El Instituto de Física Teórica (IFT) ha recibido el distintivo de acreditación en igualdad de género en la modalidad accésit.</p>



<p>El jurado ha destacado “la adecuación llevada a cabo de las medidas contempladas en el Plan de Igualdad; el establecimiento de actuaciones novedosas; el diseño de contenidos de publicidad inclusivos y la desagregación por género de datos de personal; por la realización de actividades de divulgación científica con especial atención a la incentivación de vocaciones científicas en las niñas”.&nbsp;</p>



<p>El Distintivo de acreditación en igualdad de género en su quinta edición ha sido concedido al Instituto de Física Corpuscular (IFIC). Mientras, el El Centro Nacional de Biotecnología (CNB) ha sido reconocido también con la modalidad accésit.</p>



<p><strong>La ceremonia podrá seguirse en directo <a href="https://youtu.be/Zn4olZZwcWU">aquí</a>.</strong></p>


<div class="tribe-block tribe-block__event-price">
		</div>




<div class="tribe-block tribe-block__venue tribe-block__venue--has-map">
	
	
<div class="tribe-block__venue__meta">
	<div class="tribe-block__venue__name">
		<h3>CSIC Serrano</h3>
	</div>

	
			<address class="tribe-block__venue__address">
			<span class="tribe-address">

<span class="tribe-street-address">Serrano 117</span>
	
		<br>
		<span class="tribe-locality">Madrid</span><span class="tribe-delimiter">,</span>



	<span class="tribe-country-name">Spain</span>

</span>

							<a class="tribe-events-gmap" href="https://maps.google.com/maps?f=q&#038;source=s_q&#038;hl=en&#038;geocode=&#038;q=Serrano+117+Madrid+Spain" title="Click to view a Google Map" target="_blank" rel="noreferrer noopener">+ Google Map</a>					</address>
	
	
			<span class="tribe-block__venue__website"><a href="https://www.csic.es/es" target="_self" rel="external">View Venue Website</a></span><br />
	
	</div>
	
<div class="tribe-block__venue__map">
	
<iframe loading="lazy"
  width="100%"
  height="350px"
  frameborder="0" style="border:0"
  src="https://www.google.com/maps/embed/v1/place?key=AIzaSyDNsicAsP6-VuGtAb1O9riI3oc_NOb7IOU&#038;q=Serrano+117+Madrid+Spain+" allowfullscreen>
</iframe></div>

	</div>




<div class="tribe-block tribe-block__events-link">

			<div class="tribe-block__btn--link tribe-block__events-gcal">
			<a
				href="https://www.google.com/calendar/event?action=TEMPLATE&#038;dates=20230215T120000/20230215T130000&#038;text=Entrega%20del%20Distintivo%20de%20Igualdad%20del%20CSIC&#038;location=CSIC%20Serrano,%20Serrano%20117,%20Madrid,%20Spain&#038;trp=false&#038;ctz=UTC+0&#038;sprop=website:https://members.ift.uam-csic.es/ed"
				target="_blank"
				rel="noopener noreferrer nofollow"
				title="Add to Google Calendar"
			>
				<img decoding="async" src="https://members.ift.uam-csic.es/ed/wp-content/plugins/the-events-calendar/common/src/modules/icons/link.svg" />
				Add to Google Calendar			</a>
		</div>
	
			<div class="tribe-block__btn--link tribe-block__events-ical">
			<a
				href="https://members.ift.uam-csic.es/ed/event/entrega-del-distintivo-de-igualdad-del-csic/?ical=1"
				rel="noopener noreferrer nofollow"
				title="Add to iCalendar"
			>
				<img decoding="async" src="https://members.ift.uam-csic.es/ed/wp-content/plugins/the-events-calendar/common/src/modules/icons/link.svg" />
				Add to iCalendar			</a>
		</div>
	
</div>

<p>El próximo miércoles 15 de febrero a las 12:00 tendrá lugar la entrega de los Distintivos de Igualdad del CSIC 2022 que premian la implementación de políticas de igualdad en [&hellip;]</p>
