{"id":5301,"date":"2022-11-11T20:36:26","date_gmt":"2022-11-11T20:36:26","guid":{"rendered":"https:\/\/members.ift.uam-csic.es\/ed\/?post_type=tribe_events&#038;p=5301"},"modified":"2022-11-25T23:58:55","modified_gmt":"2022-11-25T23:58:55","slug":"it-is-not-my-body-but-the-way-you-look-at-me-biological-basis-for-human-sex-determination-by-prof-isabel-lopez-calderon","status":"publish","type":"tribe_events","link":"https:\/\/members.ift.uam-csic.es\/ed\/event\/it-is-not-my-body-but-the-way-you-look-at-me-biological-basis-for-human-sex-determination-by-prof-isabel-lopez-calderon\/","title":{"rendered":"&#8220;It is not my body but the way you look at me: biological basis for human sex determination&#8221; &#8211; by Prof. Isabel L\u00f3pez Calder\u00f3n"},"content":{"rendered":"<div class=\"tribe-events-schedule tribe-clearfix\">\n\t<h2 class=\"tribe-events-schedule__datetime\">\n\t\t<span class=\"tribe-events-schedule__date tribe-events-schedule__date--start\">\n\t\t\tNovember 18, 2022\t\t<\/span>\n\n\t\t\t\t\t<span class=\"tribe-events-schedule__separator tribe-events-schedule__separator--date\">\n\t\t\t\t @ \t\t\t<\/span>\n\t\t\t<span class=\"tribe-events-schedule__time tribe-events-schedule__time--start\">\n\t\t\t\t15:00\t\t\t<\/span>\n\t\t\n\t\t\t\t\t\t\t\t\t<span class=\"tribe-events-schedule__separator tribe-events-schedule__separator--time\">\n\t\t\t\t\t &#8211; \t\t\t\t<\/span>\n\t\t\t\n\t\t\t\t\t\t\t<span class=\"tribe-events-schedule__time tribe-events-schedule__time--end\">\n\t\t\t\t\t16:00\t\t\t\t<\/span>\n\t\t\t\n\t\t\t\t\t\t<\/h2>\n<\/div>\n\n\n\n<figure class=\"wp-block-image size-large\"><img loading=\"lazy\" decoding=\"async\" width=\"1024\" height=\"576\" src=\"https:\/\/members.ift.uam-csic.es\/ed\/wp-content\/uploads\/2022\/11\/Intersex.002-1024x576.jpeg\" alt=\"\" class=\"wp-image-5303\" srcset=\"https:\/\/members.ift.uam-csic.es\/ed\/wp-content\/uploads\/2022\/11\/Intersex.002-1024x576.jpeg 1024w, https:\/\/members.ift.uam-csic.es\/ed\/wp-content\/uploads\/2022\/11\/Intersex.002-300x169.jpeg 300w, https:\/\/members.ift.uam-csic.es\/ed\/wp-content\/uploads\/2022\/11\/Intersex.002-768x432.jpeg 768w, https:\/\/members.ift.uam-csic.es\/ed\/wp-content\/uploads\/2022\/11\/Intersex.002-1536x864.jpeg 1536w, https:\/\/members.ift.uam-csic.es\/ed\/wp-content\/uploads\/2022\/11\/Intersex.002-500x281.jpeg 500w, https:\/\/members.ift.uam-csic.es\/ed\/wp-content\/uploads\/2022\/11\/Intersex.002-800x450.jpeg 800w, https:\/\/members.ift.uam-csic.es\/ed\/wp-content\/uploads\/2022\/11\/Intersex.002-1280x720.jpeg 1280w, https:\/\/members.ift.uam-csic.es\/ed\/wp-content\/uploads\/2022\/11\/Intersex.002-1200x675.jpeg 1200w, https:\/\/members.ift.uam-csic.es\/ed\/wp-content\/uploads\/2022\/11\/Intersex.002.jpeg 1920w\" sizes=\"auto, (max-width: 1024px) 100vw, 1024px\" \/><\/figure>\n\n\n\n<p><strong>November 18 &#8211; Day of LGBTQIA+ People in STEM<\/strong><\/p>\n\n\n\n<p>Isabel L\u00f3pez Calder\u00f3n, Professor of Genetics at Sevilla University, will present the talk: <br>&#8220;<em>It is not my body, but the way you look at me: <\/em> <em>Biological bases for human sex determination<\/em>&#8220;<\/p>\n\n\n\n<p><strong>Place<\/strong>: Instituto de F\u00edsica Te\u00f3rica UAM-CSIC, Red Room<br><strong>Date<\/strong>: November 18, 2022<br><strong>Time<\/strong>: 15:00 pm<\/p>\n\n\n<div class=\"tribe-block tribe-block__event-price\">\n\t\t<\/div>\n\n\n\n\n<div class=\"tribe-block tribe-block__venue tribe-block__venue--has-map\">\n\t\n\t\n<div class=\"tribe-block__venue__meta\">\n\t<div class=\"tribe-block__venue__name\">\n\t\t<h3>Instituto de F\u00edsica Te\u00f3rica UAM-CSIC<\/h3>\n\t<\/div>\n\n\t\n\t\t\t<address class=\"tribe-block__venue__address\">\n\t\t\t<span class=\"tribe-address\">\n\n<span class=\"tribe-street-address\">IFT, Nicol\u00e1s Cabrera 13-15, Campus de Cantoblanco<\/span>\n\t\n\t\t<br>\n\t\t<span class=\"tribe-locality\">Madrid<\/span><span class=\"tribe-delimiter\">,<\/span>\n\n\n\t<span class=\"tribe-postal-code\">28049<\/span>\n\n\t<span class=\"tribe-country-name\">Spain<\/span>\n\n<\/span>\n\n\t\t\t\t\t\t\t<a class=\"tribe-events-gmap\" href=\"https:\/\/maps.google.com\/maps?f=q&#038;source=s_q&#038;hl=en&#038;geocode=&#038;q=IFT%2C+Nicol%C3%A1s+Cabrera+13-15%2C+Campus+de+Cantoblanco+Madrid+28049+Spain\" title=\"Click to view a Google Map\" target=\"_blank\" rel=\"noreferrer noopener\">+ Google Map<\/a>\t\t\t\t\t<\/address>\n\t\n\t\n\t\t\t<span class=\"tribe-block__venue__website\"><a href=\"https:\/\/www.ift.uam-csic.es\/es\" target=\"_self\" rel=\"external\">View Venue Website<\/a><\/span><br \/>\n\t\n\t<\/div>\n\t\n<div class=\"tribe-block__venue__map\">\n\t\n<iframe loading=\"lazy\"\n  width=\"100%\"\n  height=\"350px\"\n  frameborder=\"0\" style=\"border:0\"\n  src=\"https:\/\/www.google.com\/maps\/embed\/v1\/place?key=AIzaSyDNsicAsP6-VuGtAb1O9riI3oc_NOb7IOU&#038;q=IFT%2C+Nicol%C3%A1s+Cabrera+13-15%2C+Campus+de+Cantoblanco+Madrid+28049+Spain+\" allowfullscreen>\n<\/iframe><\/div>\n\n\t<\/div>\n\n\n\n\n<div class=\"tribe-block tribe-block__events-link\">\n\n\t\t\t<div class=\"tribe-block__btn--link tribe-block__events-gcal\">\n\t\t\t<a\n\t\t\t\thref=\"https:\/\/www.google.com\/calendar\/event?action=TEMPLATE&#038;dates=20221118T150000\/20221118T160000&#038;text=%26%238220%3BIt%20is%20not%20my%20body%20but%20the%20way%20you%20look%20at%20me%3A%20biological%20basis%20for%20human%20sex%20determination%26%238221%3B%20%26%238211%3B%20by%20Prof.%20Isabel%20L%C3%B3pez%20Calder%C3%B3n&#038;location=Instituto%20de%20F\u00edsica%20Te\u00f3rica%20UAM-CSIC,%20IFT,%20Nicol\u00e1s%20Cabrera%2013-15,%20Campus%20de%20Cantoblanco,%20Madrid,%2028049,%20Spain&#038;trp=false&#038;ctz=UTC+0&#038;sprop=website:https:\/\/members.ift.uam-csic.es\/ed\"\n\t\t\t\ttarget=\"_blank\"\n\t\t\t\trel=\"noopener noreferrer nofollow\"\n\t\t\t\ttitle=\"Add to Google Calendar\"\n\t\t\t>\n\t\t\t\t<img decoding=\"async\" src=\"https:\/\/members.ift.uam-csic.es\/ed\/wp-content\/plugins\/the-events-calendar\/common\/src\/modules\/icons\/link.svg\" \/>\n\t\t\t\tAdd to Google Calendar\t\t\t<\/a>\n\t\t<\/div>\n\t\n\t\t\t<div class=\"tribe-block__btn--link tribe-block__events-ical\">\n\t\t\t<a\n\t\t\t\thref=\"https:\/\/members.ift.uam-csic.es\/ed\/event\/it-is-not-my-body-but-the-way-you-look-at-me-biological-basis-for-human-sex-determination-by-prof-isabel-lopez-calderon\/?ical=1\"\n\t\t\t\trel=\"noopener noreferrer nofollow\"\n\t\t\t\ttitle=\"Add to iCalendar\"\n\t\t\t>\n\t\t\t\t<img decoding=\"async\" src=\"https:\/\/members.ift.uam-csic.es\/ed\/wp-content\/plugins\/the-events-calendar\/common\/src\/modules\/icons\/link.svg\" \/>\n\t\t\t\tAdd to iCalendar\t\t\t<\/a>\n\t\t<\/div>\n\t\n<\/div>\n\n","protected":false},"excerpt":{"rendered":"<p>November 18 &#8211; Day of LGBTQIA+ People in STEM Isabel L\u00f3pez Calder\u00f3n, Professor of Genetics at Sevilla University, will present the talk: &#8220;It is not my body, but the way [&hellip;]<\/p>\n","protected":false},"author":1,"featured_media":5303,"comment_status":"closed","ping_status":"closed","template":"","meta":{"_EventAllDay":false,"_EventTimezone":"UTC+0","_EventStartDate":"2022-11-18 15:00:00","_EventEndDate":"2022-11-18 16:00:00","_EventStartDateUTC":"2022-11-18 15:00:00","_EventEndDateUTC":"2022-11-18 16:00:00","_EventShowMap":true,"_EventShowMapLink":true,"_EventURL":"","_EventCost":"","_EventCostDescription":"","_EventCurrencySymbol":"$","_EventCurrencyPosition":"prefix","_EventDateTimeSeparator":" @ ","_EventTimeRangeSeparator":" - ","_EventOrganizerID":[],"_EventVenueID":5650,"_OrganizerEmail":"","_OrganizerPhone":"","_OrganizerWebsite":"","_VenueAddress":"","_VenueCity":"","_VenueCountry":"","_VenueProvince":"","_VenueZip":"","_VenuePhone":"","_VenueURL":"","_VenueStateProvince":"","_VenueLat":"","_VenueLng":"","_tribe_events_status":"","_tribe_events_status_reason":"","footnotes":""},"tags":[],"tribe_events_cat":[],"class_list":["post-5301","tribe_events","type-tribe_events","status-publish","has-post-thumbnail","hentry"],"_links":{"self":[{"href":"https:\/\/members.ift.uam-csic.es\/ed\/wp-json\/wp\/v2\/tribe_events\/5301","targetHints":{"allow":["GET"]}}],"collection":[{"href":"https:\/\/members.ift.uam-csic.es\/ed\/wp-json\/wp\/v2\/tribe_events"}],"about":[{"href":"https:\/\/members.ift.uam-csic.es\/ed\/wp-json\/wp\/v2\/types\/tribe_events"}],"author":[{"embeddable":true,"href":"https:\/\/members.ift.uam-csic.es\/ed\/wp-json\/wp\/v2\/users\/1"}],"replies":[{"embeddable":true,"href":"https:\/\/members.ift.uam-csic.es\/ed\/wp-json\/wp\/v2\/comments?post=5301"}],"version-history":[{"count":7,"href":"https:\/\/members.ift.uam-csic.es\/ed\/wp-json\/wp\/v2\/tribe_events\/5301\/revisions"}],"predecessor-version":[{"id":5435,"href":"https:\/\/members.ift.uam-csic.es\/ed\/wp-json\/wp\/v2\/tribe_events\/5301\/revisions\/5435"}],"wp:featuredmedia":[{"embeddable":true,"href":"https:\/\/members.ift.uam-csic.es\/ed\/wp-json\/wp\/v2\/media\/5303"}],"wp:attachment":[{"href":"https:\/\/members.ift.uam-csic.es\/ed\/wp-json\/wp\/v2\/media?parent=5301"}],"wp:term":[{"taxonomy":"post_tag","embeddable":true,"href":"https:\/\/members.ift.uam-csic.es\/ed\/wp-json\/wp\/v2\/tags?post=5301"},{"taxonomy":"tribe_events_cat","embeddable":true,"href":"https:\/\/members.ift.uam-csic.es\/ed\/wp-json\/wp\/v2\/tribe_events_cat?post=5301"}],"curies":[{"name":"wp","href":"https:\/\/api.w.org\/{rel}","templated":true}]}}

&#8220;It is not my body but the way you look at me: biological basis for human sex determination&#8221; &#8211; by Prof. Isabel López Calderón

<div class="tribe-events-schedule tribe-clearfix">
	<h2 class="tribe-events-schedule__datetime">
		<span class="tribe-events-schedule__date tribe-events-schedule__date--start">
			November 18, 2022		</span>

					<span class="tribe-events-schedule__separator tribe-events-schedule__separator--date">
				 @ 			</span>
			<span class="tribe-events-schedule__time tribe-events-schedule__time--start">
				15:00			</span>
		
									<span class="tribe-events-schedule__separator tribe-events-schedule__separator--time">
					 &#8211; 				</span>
			
							<span class="tribe-events-schedule__time tribe-events-schedule__time--end">
					16:00				</span>
			
						</h2>
</div>



<figure class="wp-block-image size-large"><img loading="lazy" decoding="async" width="1024" height="576" src="https://members.ift.uam-csic.es/ed/wp-content/uploads/2022/11/Intersex.002-1024x576.jpeg" alt="" class="wp-image-5303" srcset="https://members.ift.uam-csic.es/ed/wp-content/uploads/2022/11/Intersex.002-1024x576.jpeg 1024w, https://members.ift.uam-csic.es/ed/wp-content/uploads/2022/11/Intersex.002-300x169.jpeg 300w, https://members.ift.uam-csic.es/ed/wp-content/uploads/2022/11/Intersex.002-768x432.jpeg 768w, https://members.ift.uam-csic.es/ed/wp-content/uploads/2022/11/Intersex.002-1536x864.jpeg 1536w, https://members.ift.uam-csic.es/ed/wp-content/uploads/2022/11/Intersex.002-500x281.jpeg 500w, https://members.ift.uam-csic.es/ed/wp-content/uploads/2022/11/Intersex.002-800x450.jpeg 800w, https://members.ift.uam-csic.es/ed/wp-content/uploads/2022/11/Intersex.002-1280x720.jpeg 1280w, https://members.ift.uam-csic.es/ed/wp-content/uploads/2022/11/Intersex.002-1200x675.jpeg 1200w, https://members.ift.uam-csic.es/ed/wp-content/uploads/2022/11/Intersex.002.jpeg 1920w" sizes="auto, (max-width: 1024px) 100vw, 1024px" /></figure>



<p><strong>November 18 &#8211; Day of LGBTQIA+ People in STEM</strong></p>



<p>Isabel López Calderón, Professor of Genetics at Sevilla University, will present the talk: <br>&#8220;<em>It is not my body, but the way you look at me: </em> <em>Biological bases for human sex determination</em>&#8220;</p>



<p><strong>Place</strong>: Instituto de Física Teórica UAM-CSIC, Red Room<br><strong>Date</strong>: November 18, 2022<br><strong>Time</strong>: 15:00 pm</p>


<div class="tribe-block tribe-block__event-price">
		</div>




<div class="tribe-block tribe-block__venue tribe-block__venue--has-map">
	
	
<div class="tribe-block__venue__meta">
	<div class="tribe-block__venue__name">
		<h3>Instituto de Física Teórica UAM-CSIC</h3>
	</div>

	
			<address class="tribe-block__venue__address">
			<span class="tribe-address">

<span class="tribe-street-address">IFT, Nicolás Cabrera 13-15, Campus de Cantoblanco</span>
	
		<br>
		<span class="tribe-locality">Madrid</span><span class="tribe-delimiter">,</span>


	<span class="tribe-postal-code">28049</span>

	<span class="tribe-country-name">Spain</span>

</span>

							<a class="tribe-events-gmap" href="https://maps.google.com/maps?f=q&#038;source=s_q&#038;hl=en&#038;geocode=&#038;q=IFT%2C+Nicol%C3%A1s+Cabrera+13-15%2C+Campus+de+Cantoblanco+Madrid+28049+Spain" title="Click to view a Google Map" target="_blank" rel="noreferrer noopener">+ Google Map</a>					</address>
	
	
			<span class="tribe-block__venue__website"><a href="https://www.ift.uam-csic.es/es" target="_self" rel="external">View Venue Website</a></span><br />
	
	</div>
	
<div class="tribe-block__venue__map">
	
<iframe loading="lazy"
  width="100%"
  height="350px"
  frameborder="0" style="border:0"
  src="https://www.google.com/maps/embed/v1/place?key=AIzaSyDNsicAsP6-VuGtAb1O9riI3oc_NOb7IOU&#038;q=IFT%2C+Nicol%C3%A1s+Cabrera+13-15%2C+Campus+de+Cantoblanco+Madrid+28049+Spain+" allowfullscreen>
</iframe></div>

	</div>




<div class="tribe-block tribe-block__events-link">

			<div class="tribe-block__btn--link tribe-block__events-gcal">
			<a
				href="https://www.google.com/calendar/event?action=TEMPLATE&#038;dates=20221118T150000/20221118T160000&#038;text=%26%238220%3BIt%20is%20not%20my%20body%20but%20the%20way%20you%20look%20at%20me%3A%20biological%20basis%20for%20human%20sex%20determination%26%238221%3B%20%26%238211%3B%20by%20Prof.%20Isabel%20L%C3%B3pez%20Calder%C3%B3n&#038;location=Instituto%20de%20Física%20Teórica%20UAM-CSIC,%20IFT,%20Nicolás%20Cabrera%2013-15,%20Campus%20de%20Cantoblanco,%20Madrid,%2028049,%20Spain&#038;trp=false&#038;ctz=UTC+0&#038;sprop=website:https://members.ift.uam-csic.es/ed"
				target="_blank"
				rel="noopener noreferrer nofollow"
				title="Add to Google Calendar"
			>
				<img decoding="async" src="https://members.ift.uam-csic.es/ed/wp-content/plugins/the-events-calendar/common/src/modules/icons/link.svg" />
				Add to Google Calendar			</a>
		</div>
	
			<div class="tribe-block__btn--link tribe-block__events-ical">
			<a
				href="https://members.ift.uam-csic.es/ed/event/it-is-not-my-body-but-the-way-you-look-at-me-biological-basis-for-human-sex-determination-by-prof-isabel-lopez-calderon/?ical=1"
				rel="noopener noreferrer nofollow"
				title="Add to iCalendar"
			>
				<img decoding="async" src="https://members.ift.uam-csic.es/ed/wp-content/plugins/the-events-calendar/common/src/modules/icons/link.svg" />
				Add to iCalendar			</a>
		</div>
	
</div>

<p>November 18 &#8211; Day of LGBTQIA+ People in STEM Isabel López Calderón, Professor of Genetics at Sevilla University, will present the talk: &#8220;It is not my body, but the way [&hellip;]</p>
