{"id":4926,"date":"2022-09-03T17:51:14","date_gmt":"2022-09-03T17:51:14","guid":{"rendered":"https:\/\/members.ift.uam-csic.es\/ed\/?post_type=tribe_events&#038;p=4926"},"modified":"2022-09-03T17:51:40","modified_gmt":"2022-09-03T17:51:40","slug":"el-universo-violento-y-oscuro-a-la-luz-de-los-rayos-gammapor-m-a-sanchez-conde","status":"publish","type":"tribe_events","link":"https:\/\/members.ift.uam-csic.es\/ed\/event\/el-universo-violento-y-oscuro-a-la-luz-de-los-rayos-gammapor-m-a-sanchez-conde\/","title":{"rendered":"&#8220;El universo violento (y oscuro) a la luz de los rayos gamma&#8221;, por M. A. S\u00e1nchez-Conde"},"content":{"rendered":"<div class=\"tribe-events-schedule tribe-clearfix\">\n\t<h2 class=\"tribe-events-schedule__datetime\">\n\t\t<span class=\"tribe-events-schedule__date tribe-events-schedule__date--start\">\n\t\t\tSeptember 30, 2022\t\t<\/span>\n\n\t\t\t\t\t<span class=\"tribe-events-schedule__separator tribe-events-schedule__separator--date\">\n\t\t\t\t @ \t\t\t<\/span>\n\t\t\t<span class=\"tribe-events-schedule__time tribe-events-schedule__time--start\">\n\t\t\t\t19:00\t\t\t<\/span>\n\t\t\n\t\t\t\t\t\t\t\t\t<span class=\"tribe-events-schedule__separator tribe-events-schedule__separator--time\">\n\t\t\t\t\t &#8211; \t\t\t\t<\/span>\n\t\t\t\n\t\t\t\t\t\t\t<span class=\"tribe-events-schedule__time tribe-events-schedule__time--end\">\n\t\t\t\t\t21:00\t\t\t\t<\/span>\n\t\t\t\n\t\t\t\t\t\t<\/h2>\n<\/div>\n\n\n\n<figure class=\"wp-block-image size-full\"><img loading=\"lazy\" decoding=\"async\" width=\"851\" height=\"438\" src=\"https:\/\/members.ift.uam-csic.es\/ed\/wp-content\/uploads\/2022\/09\/DQxT5UoV4AA9mAY.jpg\" alt=\"\" class=\"wp-image-4922\" srcset=\"https:\/\/members.ift.uam-csic.es\/ed\/wp-content\/uploads\/2022\/09\/DQxT5UoV4AA9mAY.jpg 851w, https:\/\/members.ift.uam-csic.es\/ed\/wp-content\/uploads\/2022\/09\/DQxT5UoV4AA9mAY-300x154.jpg 300w, https:\/\/members.ift.uam-csic.es\/ed\/wp-content\/uploads\/2022\/09\/DQxT5UoV4AA9mAY-768x395.jpg 768w, https:\/\/members.ift.uam-csic.es\/ed\/wp-content\/uploads\/2022\/09\/DQxT5UoV4AA9mAY-500x257.jpg 500w, https:\/\/members.ift.uam-csic.es\/ed\/wp-content\/uploads\/2022\/09\/DQxT5UoV4AA9mAY-800x412.jpg 800w\" sizes=\"auto, (max-width: 851px) 100vw, 851px\" \/><\/figure>\n\n\n\n<p>Los enormes avances producidos en la astrof\u00edsica de altas energ\u00edas a lo largo de los \u00faltimos a\u00f1os han desvelado un inesperado y furioso \u2018bestiario\u2019 c\u00f3smico lleno de sorpresas: insaciables agujeros negros s\u00faper masivos morando en el centro de casi todas las galaxias, colosales explosiones de estrellas con decenas de veces la masa de nuestro Sol, estrellas de neutrones actuando como viudas negras en sistemas estelares dobles\u2026 Esta revoluci\u00f3n ha sido posibles gracias a potentes telescopios de rayos gamma situados tanto en \u00f3rbita como en tierra, por ejemplo Fermi-LAT y MAGIC. Por si fuera poco, los rayos gamma pueden ser la clave para descifrar uno de los mayores desaf\u00edos de la ciencia contempor\u00e1nea: la naturaleza de la enigm\u00e1tica materia oscura, que se cree compone m\u00e1s del 80% del contenido de materia en el Universo y de la que sin embargo a\u00fan desconocemos casi todo. En esta charla, nos asomaremos al Universo para asombrarnos con su cara m\u00e1s violenta, m\u00e1s oscura y menos conocida a la luz de los rayos gamma. <\/p>\n\n\n\n<p><strong>Impartida por<\/strong>: Miguel \u00c1ngel S\u00e1nchez-Conde.<\/p>\n\n\n\n<p><strong>Organizada por<\/strong>: ICMM, IICP, CNB, CIAL, ICV, ICMAT, IFT, IMN, CBM, IIBM.<\/p>\n\n\n\n<p><strong>Cu\u00e1ndo<\/strong>: Viernes, 30 de septiembre a las 8:00 p.m.<\/p>\n\n\n\n<p><strong>D\u00f3nde<\/strong>:&nbsp;<a href=\"https:\/\/www.icmm.csic.es\/en\/divulgacion\/noche-investigadores_2022.php\">La Noche de la Ciencia en el CSIC<\/a>, Serrano 117, 28006 Madrid.<\/p>\n\n\n\n<p>Se podr\u00e1 disfrutar de esta charla con los pases de las 19h (pase IFT) y 20h.<\/p>\n\n\n\n<p>El formulario estar\u00e1 disponible en breve <a href=\"https:\/\/www.icmm.csic.es\/en\/divulgacion\/noche-investigadores_2022.php\">aqu\u00ed<\/a>.<\/p>\n\n\n<div class=\"tribe-block tribe-block__event-price\">\n\t\t<\/div>\n\n\n\n\n<div class=\"tribe-block tribe-block__venue tribe-block__venue--has-map\">\n\t\n\t\t\n\t<\/div>\n\n\n<div class=\"tribe-block tribe-block__event-website\">\n\t<a\n\t\thref=\"https:\/\/www.icmm.csic.es\/en\/divulgacion\/noche-investigadores_2022.php\"\n\t\ttarget=\"_self\"\n\t\t\t>\n\t\tSEE MORE\t<\/a>\n<\/div>\n\n\n<div class=\"tribe-block tribe-block__events-link\">\n\n\t\t\t<div class=\"tribe-block__btn--link tribe-block__events-gcal\">\n\t\t\t<a\n\t\t\t\thref=\"https:\/\/www.google.com\/calendar\/event?action=TEMPLATE&#038;dates=20220930T190000\/20220930T210000&#038;text=%26%238220%3BEl%20universo%20violento%20%28y%20oscuro%29%20a%20la%20luz%20de%20los%20rayos%20gamma%26%238221%3B%2C%20por%20M.%20A.%20S%C3%A1nchez-Conde&#038;trp=false&#038;ctz=UTC+0&#038;sprop=website:https:\/\/members.ift.uam-csic.es\/ed\"\n\t\t\t\ttarget=\"_blank\"\n\t\t\t\trel=\"noopener noreferrer nofollow\"\n\t\t\t\ttitle=\"Add to Google Calendar\"\n\t\t\t>\n\t\t\t\t<img decoding=\"async\" src=\"https:\/\/members.ift.uam-csic.es\/ed\/wp-content\/plugins\/the-events-calendar\/common\/src\/modules\/icons\/link.svg\" \/>\n\t\t\t\tAdd to Google Calendar\t\t\t<\/a>\n\t\t<\/div>\n\t\n\t\t\t<div class=\"tribe-block__btn--link tribe-block__events-ical\">\n\t\t\t<a\n\t\t\t\thref=\"https:\/\/members.ift.uam-csic.es\/ed\/event\/el-universo-violento-y-oscuro-a-la-luz-de-los-rayos-gammapor-m-a-sanchez-conde\/?ical=1\"\n\t\t\t\trel=\"noopener noreferrer nofollow\"\n\t\t\t\ttitle=\"Add to iCalendar\"\n\t\t\t>\n\t\t\t\t<img decoding=\"async\" src=\"https:\/\/members.ift.uam-csic.es\/ed\/wp-content\/plugins\/the-events-calendar\/common\/src\/modules\/icons\/link.svg\" \/>\n\t\t\t\tAdd to iCalendar\t\t\t<\/a>\n\t\t<\/div>\n\t\n<\/div>\n\n","protected":false},"excerpt":{"rendered":"<p>Los enormes avances producidos en la astrof\u00edsica de altas energ\u00edas a lo largo de los \u00faltimos a\u00f1os han desvelado un inesperado y furioso \u2018bestiario\u2019 c\u00f3smico lleno de sorpresas: insaciables agujeros [&hellip;]<\/p>\n","protected":false},"author":1,"featured_media":4922,"comment_status":"closed","ping_status":"closed","template":"","meta":{"_EventAllDay":false,"_EventTimezone":"UTC+0","_EventStartDate":"2022-09-30 19:00:00","_EventEndDate":"2022-09-30 21:00:00","_EventStartDateUTC":"2022-09-30 19:00:00","_EventEndDateUTC":"2022-09-30 21:00:00","_EventShowMap":true,"_EventShowMapLink":true,"_EventURL":"https:\/\/www.icmm.csic.es\/en\/divulgacion\/noche-investigadores_2022.php","_EventCost":"","_EventCostDescription":"","_EventCurrencySymbol":"$","_EventCurrencyPosition":"prefix","_EventDateTimeSeparator":" @ ","_EventTimeRangeSeparator":" - ","_EventOrganizerID":[],"_EventVenueID":0,"_OrganizerEmail":"","_OrganizerPhone":"","_OrganizerWebsite":"","_VenueAddress":"","_VenueCity":"","_VenueCountry":"","_VenueProvince":"","_VenueZip":"","_VenuePhone":"","_VenueURL":"","_VenueStateProvince":"","_VenueLat":"","_VenueLng":"","_tribe_events_status":"","_tribe_events_status_reason":"","footnotes":""},"tags":[],"tribe_events_cat":[],"class_list":["post-4926","tribe_events","type-tribe_events","status-publish","has-post-thumbnail","hentry"],"_links":{"self":[{"href":"https:\/\/members.ift.uam-csic.es\/ed\/wp-json\/wp\/v2\/tribe_events\/4926","targetHints":{"allow":["GET"]}}],"collection":[{"href":"https:\/\/members.ift.uam-csic.es\/ed\/wp-json\/wp\/v2\/tribe_events"}],"about":[{"href":"https:\/\/members.ift.uam-csic.es\/ed\/wp-json\/wp\/v2\/types\/tribe_events"}],"author":[{"embeddable":true,"href":"https:\/\/members.ift.uam-csic.es\/ed\/wp-json\/wp\/v2\/users\/1"}],"replies":[{"embeddable":true,"href":"https:\/\/members.ift.uam-csic.es\/ed\/wp-json\/wp\/v2\/comments?post=4926"}],"version-history":[{"count":3,"href":"https:\/\/members.ift.uam-csic.es\/ed\/wp-json\/wp\/v2\/tribe_events\/4926\/revisions"}],"predecessor-version":[{"id":4929,"href":"https:\/\/members.ift.uam-csic.es\/ed\/wp-json\/wp\/v2\/tribe_events\/4926\/revisions\/4929"}],"wp:featuredmedia":[{"embeddable":true,"href":"https:\/\/members.ift.uam-csic.es\/ed\/wp-json\/wp\/v2\/media\/4922"}],"wp:attachment":[{"href":"https:\/\/members.ift.uam-csic.es\/ed\/wp-json\/wp\/v2\/media?parent=4926"}],"wp:term":[{"taxonomy":"post_tag","embeddable":true,"href":"https:\/\/members.ift.uam-csic.es\/ed\/wp-json\/wp\/v2\/tags?post=4926"},{"taxonomy":"tribe_events_cat","embeddable":true,"href":"https:\/\/members.ift.uam-csic.es\/ed\/wp-json\/wp\/v2\/tribe_events_cat?post=4926"}],"curies":[{"name":"wp","href":"https:\/\/api.w.org\/{rel}","templated":true}]}}

&#8220;El universo violento (y oscuro) a la luz de los rayos gamma&#8221;, por M. A. Sánchez-Conde

<div class="tribe-events-schedule tribe-clearfix">
	<h2 class="tribe-events-schedule__datetime">
		<span class="tribe-events-schedule__date tribe-events-schedule__date--start">
			September 30, 2022		</span>

					<span class="tribe-events-schedule__separator tribe-events-schedule__separator--date">
				 @ 			</span>
			<span class="tribe-events-schedule__time tribe-events-schedule__time--start">
				19:00			</span>
		
									<span class="tribe-events-schedule__separator tribe-events-schedule__separator--time">
					 &#8211; 				</span>
			
							<span class="tribe-events-schedule__time tribe-events-schedule__time--end">
					21:00				</span>
			
						</h2>
</div>



<figure class="wp-block-image size-full"><img loading="lazy" decoding="async" width="851" height="438" src="https://members.ift.uam-csic.es/ed/wp-content/uploads/2022/09/DQxT5UoV4AA9mAY.jpg" alt="" class="wp-image-4922" srcset="https://members.ift.uam-csic.es/ed/wp-content/uploads/2022/09/DQxT5UoV4AA9mAY.jpg 851w, https://members.ift.uam-csic.es/ed/wp-content/uploads/2022/09/DQxT5UoV4AA9mAY-300x154.jpg 300w, https://members.ift.uam-csic.es/ed/wp-content/uploads/2022/09/DQxT5UoV4AA9mAY-768x395.jpg 768w, https://members.ift.uam-csic.es/ed/wp-content/uploads/2022/09/DQxT5UoV4AA9mAY-500x257.jpg 500w, https://members.ift.uam-csic.es/ed/wp-content/uploads/2022/09/DQxT5UoV4AA9mAY-800x412.jpg 800w" sizes="auto, (max-width: 851px) 100vw, 851px" /></figure>



<p>Los enormes avances producidos en la astrofísica de altas energías a lo largo de los últimos años han desvelado un inesperado y furioso ‘bestiario’ cósmico lleno de sorpresas: insaciables agujeros negros súper masivos morando en el centro de casi todas las galaxias, colosales explosiones de estrellas con decenas de veces la masa de nuestro Sol, estrellas de neutrones actuando como viudas negras en sistemas estelares dobles… Esta revolución ha sido posibles gracias a potentes telescopios de rayos gamma situados tanto en órbita como en tierra, por ejemplo Fermi-LAT y MAGIC. Por si fuera poco, los rayos gamma pueden ser la clave para descifrar uno de los mayores desafíos de la ciencia contemporánea: la naturaleza de la enigmática materia oscura, que se cree compone más del 80% del contenido de materia en el Universo y de la que sin embargo aún desconocemos casi todo. En esta charla, nos asomaremos al Universo para asombrarnos con su cara más violenta, más oscura y menos conocida a la luz de los rayos gamma. </p>



<p><strong>Impartida por</strong>: Miguel Ángel Sánchez-Conde.</p>



<p><strong>Organizada por</strong>: ICMM, IICP, CNB, CIAL, ICV, ICMAT, IFT, IMN, CBM, IIBM.</p>



<p><strong>Cuándo</strong>: Viernes, 30 de septiembre a las 8:00 p.m.</p>



<p><strong>Dónde</strong>:&nbsp;<a href="https://www.icmm.csic.es/en/divulgacion/noche-investigadores_2022.php">La Noche de la Ciencia en el CSIC</a>, Serrano 117, 28006 Madrid.</p>



<p>Se podrá disfrutar de esta charla con los pases de las 19h (pase IFT) y 20h.</p>



<p>El formulario estará disponible en breve <a href="https://www.icmm.csic.es/en/divulgacion/noche-investigadores_2022.php">aquí</a>.</p>


<div class="tribe-block tribe-block__event-price">
		</div>




<div class="tribe-block tribe-block__venue tribe-block__venue--has-map">
	
		
	</div>


<div class="tribe-block tribe-block__event-website">
	<a
		href="https://www.icmm.csic.es/en/divulgacion/noche-investigadores_2022.php"
		target="_self"
			>
		SEE MORE	</a>
</div>


<div class="tribe-block tribe-block__events-link">

			<div class="tribe-block__btn--link tribe-block__events-gcal">
			<a
				href="https://www.google.com/calendar/event?action=TEMPLATE&#038;dates=20220930T190000/20220930T210000&#038;text=%26%238220%3BEl%20universo%20violento%20%28y%20oscuro%29%20a%20la%20luz%20de%20los%20rayos%20gamma%26%238221%3B%2C%20por%20M.%20A.%20S%C3%A1nchez-Conde&#038;trp=false&#038;ctz=UTC+0&#038;sprop=website:https://members.ift.uam-csic.es/ed"
				target="_blank"
				rel="noopener noreferrer nofollow"
				title="Add to Google Calendar"
			>
				<img decoding="async" src="https://members.ift.uam-csic.es/ed/wp-content/plugins/the-events-calendar/common/src/modules/icons/link.svg" />
				Add to Google Calendar			</a>
		</div>
	
			<div class="tribe-block__btn--link tribe-block__events-ical">
			<a
				href="https://members.ift.uam-csic.es/ed/event/el-universo-violento-y-oscuro-a-la-luz-de-los-rayos-gammapor-m-a-sanchez-conde/?ical=1"
				rel="noopener noreferrer nofollow"
				title="Add to iCalendar"
			>
				<img decoding="async" src="https://members.ift.uam-csic.es/ed/wp-content/plugins/the-events-calendar/common/src/modules/icons/link.svg" />
				Add to iCalendar			</a>
		</div>
	
</div>

<p>Los enormes avances producidos en la astrofísica de altas energías a lo largo de los últimos años han desvelado un inesperado y furioso ‘bestiario’ cósmico lleno de sorpresas: insaciables agujeros [&hellip;]</p>
