{"id":4909,"date":"2022-09-03T16:45:12","date_gmt":"2022-09-03T16:45:12","guid":{"rendered":"https:\/\/members.ift.uam-csic.es\/ed\/?post_type=tribe_events&#038;p=4909"},"modified":"2022-09-03T16:45:13","modified_gmt":"2022-09-03T16:45:13","slug":"una-noche-de-ciencia-en-el-csic","status":"publish","type":"tribe_events","link":"https:\/\/members.ift.uam-csic.es\/ed\/event\/una-noche-de-ciencia-en-el-csic\/","title":{"rendered":"Una Noche de Ciencia en el CSIC"},"content":{"rendered":"<div class=\"tribe-events-schedule tribe-clearfix\">\n\t<h2 class=\"tribe-events-schedule__datetime\">\n\t\t<span class=\"tribe-events-schedule__date tribe-events-schedule__date--start\">\n\t\t\tSeptember 30, 2022\t\t<\/span>\n\n\t\t\t\t\t<span class=\"tribe-events-schedule__separator tribe-events-schedule__separator--date\">\n\t\t\t\t @ \t\t\t<\/span>\n\t\t\t<span class=\"tribe-events-schedule__time tribe-events-schedule__time--start\">\n\t\t\t\t09:45\t\t\t<\/span>\n\t\t\n\t\t\t\t\t\t\t\t\t<span class=\"tribe-events-schedule__separator tribe-events-schedule__separator--time\">\n\t\t\t\t\t &#8211; \t\t\t\t<\/span>\n\t\t\t\n\t\t\t\t\t\t\t<span class=\"tribe-events-schedule__time tribe-events-schedule__time--end\">\n\t\t\t\t\t21:00\t\t\t\t<\/span>\n\t\t\t\n\t\t\t\t\t\t<\/h2>\n<\/div>\n\n\n\n<figure class=\"wp-block-image size-large\"><img loading=\"lazy\" decoding=\"async\" width=\"1024\" height=\"725\" src=\"https:\/\/members.ift.uam-csic.es\/ed\/wp-content\/uploads\/2022\/09\/Una-Noche-de-Ciencia-en-el-CSIC-tarde-web-2048x1449-1-1024x725.jpg\" alt=\"\" class=\"wp-image-4910\" srcset=\"https:\/\/members.ift.uam-csic.es\/ed\/wp-content\/uploads\/2022\/09\/Una-Noche-de-Ciencia-en-el-CSIC-tarde-web-2048x1449-1-1024x725.jpg 1024w, https:\/\/members.ift.uam-csic.es\/ed\/wp-content\/uploads\/2022\/09\/Una-Noche-de-Ciencia-en-el-CSIC-tarde-web-2048x1449-1-300x212.jpg 300w, https:\/\/members.ift.uam-csic.es\/ed\/wp-content\/uploads\/2022\/09\/Una-Noche-de-Ciencia-en-el-CSIC-tarde-web-2048x1449-1-768x543.jpg 768w, https:\/\/members.ift.uam-csic.es\/ed\/wp-content\/uploads\/2022\/09\/Una-Noche-de-Ciencia-en-el-CSIC-tarde-web-2048x1449-1-1536x1087.jpg 1536w, https:\/\/members.ift.uam-csic.es\/ed\/wp-content\/uploads\/2022\/09\/Una-Noche-de-Ciencia-en-el-CSIC-tarde-web-2048x1449-1-500x354.jpg 500w, https:\/\/members.ift.uam-csic.es\/ed\/wp-content\/uploads\/2022\/09\/Una-Noche-de-Ciencia-en-el-CSIC-tarde-web-2048x1449-1-800x566.jpg 800w, https:\/\/members.ift.uam-csic.es\/ed\/wp-content\/uploads\/2022\/09\/Una-Noche-de-Ciencia-en-el-CSIC-tarde-web-2048x1449-1-1280x906.jpg 1280w, https:\/\/members.ift.uam-csic.es\/ed\/wp-content\/uploads\/2022\/09\/Una-Noche-de-Ciencia-en-el-CSIC-tarde-web-2048x1449-1-1920x1358.jpg 1920w, https:\/\/members.ift.uam-csic.es\/ed\/wp-content\/uploads\/2022\/09\/Una-Noche-de-Ciencia-en-el-CSIC-tarde-web-2048x1449-1-1200x849.jpg 1200w, https:\/\/members.ift.uam-csic.es\/ed\/wp-content\/uploads\/2022\/09\/Una-Noche-de-Ciencia-en-el-CSIC-tarde-web-2048x1449-1-1980x1401.jpg 1980w, https:\/\/members.ift.uam-csic.es\/ed\/wp-content\/uploads\/2022\/09\/Una-Noche-de-Ciencia-en-el-CSIC-tarde-web-2048x1449-1.jpg 2048w\" sizes=\"auto, (max-width: 1024px) 100vw, 1024px\" \/><\/figure>\n\n\n\n<p>La Noche de los Investigadores e Investigadoras es una celebraci\u00f3n europea en la que la ciencia se pone al alcance de la ciudadan\u00eda con diversas actividades culturales. Un a\u00f1o m\u00e1s, los centros del CSIC del campus de Cantoblanco (UAM) se unen para participar de forma conjunta en esta iniciativa, con dos eventos en los que se presentar\u00e1n, de manera cercana y participativa, investigaciones en ciencia de materiales, f\u00edsica te\u00f3rica, matem\u00e1ticas, ciencia de los alimentos, biolog\u00eda, nanociencia o cooperaci\u00f3n en ciencia.<\/p>\n\n\n\n<p>El viernes 30 de septiembre se celebra\u00a0<strong><a href=\"https:\/\/www.icmm.csic.es\/en\/divulgacion\/noche-investigadores_2022.php\">Una Noche de Ciencia en el CSIC<\/a><\/strong>, que incluir\u00e1, a lo largo de todo el d\u00eda, talleres cient\u00edficos, encuentros con investigadores e investigadoras y la yincana. Todo ello tendr\u00e1 lugar en la sede central del\u00a0<a href=\"https:\/\/www.csic.es\/es\">CSIC<\/a>\u00a0(Calle Serrano 117, Madrid).\u00a0 Por la ma\u00f1ana se ofrecer\u00e1n demostraciones cient\u00edficas para centros educativos de Primaria, ESO y Bachillerato, adaptados a la edad de los grupos asistentes, que tambi\u00e9n podr\u00e1n realizar la yincana. La tarde ser\u00e1 para p\u00fablico general y familiar, con un extenso programa en el que se unir\u00e1n charlas y encuentros con personal cient\u00edfico que explicar\u00e1 sus proyectos de investigaci\u00f3n.<\/p>\n\n\n<div class=\"tribe-block tribe-block__event-price\">\n\t\t<\/div>\n\n\n\n\n<div class=\"tribe-block tribe-block__venue tribe-block__venue--has-map\">\n\t\n\t\t\n\t<\/div>\n\n\n<div class=\"tribe-block tribe-block__event-website\">\n\t<a\n\t\thref=\"https:\/\/members.ift.uam-csic.es\/ed\/2022\/09\/02\/la-xiii-noche-europea-de-los-investigadores-de-madrid-23-y-30-de-septiembre\/\"\n\t\ttarget=\"_self\"\n\t\t\t>\n\t\tSEE MORE\t<\/a>\n<\/div>\n\n\n<div class=\"tribe-block tribe-block__events-link\">\n\n\t\t\t<div class=\"tribe-block__btn--link tribe-block__events-gcal\">\n\t\t\t<a\n\t\t\t\thref=\"https:\/\/www.google.com\/calendar\/event?action=TEMPLATE&#038;dates=20220930T094500\/20220930T210000&#038;text=Una%20Noche%20de%20Ciencia%20en%20el%20CSIC&#038;trp=false&#038;ctz=UTC+0&#038;sprop=website:https:\/\/members.ift.uam-csic.es\/ed\"\n\t\t\t\ttarget=\"_blank\"\n\t\t\t\trel=\"noopener noreferrer nofollow\"\n\t\t\t\ttitle=\"Add to Google Calendar\"\n\t\t\t>\n\t\t\t\t<img decoding=\"async\" src=\"https:\/\/members.ift.uam-csic.es\/ed\/wp-content\/plugins\/the-events-calendar\/common\/src\/modules\/icons\/link.svg\" \/>\n\t\t\t\tAdd to Google Calendar\t\t\t<\/a>\n\t\t<\/div>\n\t\n\t\t\t<div class=\"tribe-block__btn--link tribe-block__events-ical\">\n\t\t\t<a\n\t\t\t\thref=\"https:\/\/members.ift.uam-csic.es\/ed\/event\/una-noche-de-ciencia-en-el-csic\/?ical=1\"\n\t\t\t\trel=\"noopener noreferrer nofollow\"\n\t\t\t\ttitle=\"Add to iCalendar\"\n\t\t\t>\n\t\t\t\t<img decoding=\"async\" src=\"https:\/\/members.ift.uam-csic.es\/ed\/wp-content\/plugins\/the-events-calendar\/common\/src\/modules\/icons\/link.svg\" \/>\n\t\t\t\tAdd to iCalendar\t\t\t<\/a>\n\t\t<\/div>\n\t\n<\/div>\n\n","protected":false},"excerpt":{"rendered":"<p>La Noche de los Investigadores e Investigadoras es una celebraci\u00f3n europea en la que la ciencia se pone al alcance de la ciudadan\u00eda con diversas actividades culturales. Un a\u00f1o m\u00e1s, [&hellip;]<\/p>\n","protected":false},"author":1,"featured_media":4910,"comment_status":"closed","ping_status":"closed","template":"","meta":{"_EventAllDay":false,"_EventTimezone":"UTC+0","_EventStartDate":"2022-09-30 09:45:00","_EventEndDate":"2022-09-30 21:00:00","_EventStartDateUTC":"2022-09-30 09:45:00","_EventEndDateUTC":"2022-09-30 21:00:00","_EventShowMap":true,"_EventShowMapLink":true,"_EventURL":"https:\/\/members.ift.uam-csic.es\/ed\/2022\/09\/02\/la-xiii-noche-europea-de-los-investigadores-de-madrid-23-y-30-de-septiembre\/","_EventCost":"","_EventCostDescription":"","_EventCurrencySymbol":"$","_EventCurrencyPosition":"prefix","_EventDateTimeSeparator":" @ ","_EventTimeRangeSeparator":" - ","_EventOrganizerID":[],"_EventVenueID":0,"_OrganizerEmail":"","_OrganizerPhone":"","_OrganizerWebsite":"","_VenueAddress":"","_VenueCity":"","_VenueCountry":"","_VenueProvince":"","_VenueZip":"","_VenuePhone":"","_VenueURL":"","_VenueStateProvince":"","_VenueLat":"","_VenueLng":"","_tribe_events_status":"","_tribe_events_status_reason":"","footnotes":""},"tags":[],"tribe_events_cat":[],"class_list":["post-4909","tribe_events","type-tribe_events","status-publish","has-post-thumbnail","hentry"],"_links":{"self":[{"href":"https:\/\/members.ift.uam-csic.es\/ed\/wp-json\/wp\/v2\/tribe_events\/4909","targetHints":{"allow":["GET"]}}],"collection":[{"href":"https:\/\/members.ift.uam-csic.es\/ed\/wp-json\/wp\/v2\/tribe_events"}],"about":[{"href":"https:\/\/members.ift.uam-csic.es\/ed\/wp-json\/wp\/v2\/types\/tribe_events"}],"author":[{"embeddable":true,"href":"https:\/\/members.ift.uam-csic.es\/ed\/wp-json\/wp\/v2\/users\/1"}],"replies":[{"embeddable":true,"href":"https:\/\/members.ift.uam-csic.es\/ed\/wp-json\/wp\/v2\/comments?post=4909"}],"version-history":[{"count":1,"href":"https:\/\/members.ift.uam-csic.es\/ed\/wp-json\/wp\/v2\/tribe_events\/4909\/revisions"}],"predecessor-version":[{"id":4911,"href":"https:\/\/members.ift.uam-csic.es\/ed\/wp-json\/wp\/v2\/tribe_events\/4909\/revisions\/4911"}],"wp:featuredmedia":[{"embeddable":true,"href":"https:\/\/members.ift.uam-csic.es\/ed\/wp-json\/wp\/v2\/media\/4910"}],"wp:attachment":[{"href":"https:\/\/members.ift.uam-csic.es\/ed\/wp-json\/wp\/v2\/media?parent=4909"}],"wp:term":[{"taxonomy":"post_tag","embeddable":true,"href":"https:\/\/members.ift.uam-csic.es\/ed\/wp-json\/wp\/v2\/tags?post=4909"},{"taxonomy":"tribe_events_cat","embeddable":true,"href":"https:\/\/members.ift.uam-csic.es\/ed\/wp-json\/wp\/v2\/tribe_events_cat?post=4909"}],"curies":[{"name":"wp","href":"https:\/\/api.w.org\/{rel}","templated":true}]}}

<div class="tribe-events-schedule tribe-clearfix">
	<h2 class="tribe-events-schedule__datetime">
		<span class="tribe-events-schedule__date tribe-events-schedule__date--start">
			September 30, 2022		</span>

					<span class="tribe-events-schedule__separator tribe-events-schedule__separator--date">
				 @ 			</span>
			<span class="tribe-events-schedule__time tribe-events-schedule__time--start">
				09:45			</span>
		
									<span class="tribe-events-schedule__separator tribe-events-schedule__separator--time">
					 &#8211; 				</span>
			
							<span class="tribe-events-schedule__time tribe-events-schedule__time--end">
					21:00				</span>
			
						</h2>
</div>



<figure class="wp-block-image size-large"><img loading="lazy" decoding="async" width="1024" height="725" src="https://members.ift.uam-csic.es/ed/wp-content/uploads/2022/09/Una-Noche-de-Ciencia-en-el-CSIC-tarde-web-2048x1449-1-1024x725.jpg" alt="" class="wp-image-4910" srcset="https://members.ift.uam-csic.es/ed/wp-content/uploads/2022/09/Una-Noche-de-Ciencia-en-el-CSIC-tarde-web-2048x1449-1-1024x725.jpg 1024w, https://members.ift.uam-csic.es/ed/wp-content/uploads/2022/09/Una-Noche-de-Ciencia-en-el-CSIC-tarde-web-2048x1449-1-300x212.jpg 300w, https://members.ift.uam-csic.es/ed/wp-content/uploads/2022/09/Una-Noche-de-Ciencia-en-el-CSIC-tarde-web-2048x1449-1-768x543.jpg 768w, https://members.ift.uam-csic.es/ed/wp-content/uploads/2022/09/Una-Noche-de-Ciencia-en-el-CSIC-tarde-web-2048x1449-1-1536x1087.jpg 1536w, https://members.ift.uam-csic.es/ed/wp-content/uploads/2022/09/Una-Noche-de-Ciencia-en-el-CSIC-tarde-web-2048x1449-1-500x354.jpg 500w, https://members.ift.uam-csic.es/ed/wp-content/uploads/2022/09/Una-Noche-de-Ciencia-en-el-CSIC-tarde-web-2048x1449-1-800x566.jpg 800w, https://members.ift.uam-csic.es/ed/wp-content/uploads/2022/09/Una-Noche-de-Ciencia-en-el-CSIC-tarde-web-2048x1449-1-1280x906.jpg 1280w, https://members.ift.uam-csic.es/ed/wp-content/uploads/2022/09/Una-Noche-de-Ciencia-en-el-CSIC-tarde-web-2048x1449-1-1920x1358.jpg 1920w, https://members.ift.uam-csic.es/ed/wp-content/uploads/2022/09/Una-Noche-de-Ciencia-en-el-CSIC-tarde-web-2048x1449-1-1200x849.jpg 1200w, https://members.ift.uam-csic.es/ed/wp-content/uploads/2022/09/Una-Noche-de-Ciencia-en-el-CSIC-tarde-web-2048x1449-1-1980x1401.jpg 1980w, https://members.ift.uam-csic.es/ed/wp-content/uploads/2022/09/Una-Noche-de-Ciencia-en-el-CSIC-tarde-web-2048x1449-1.jpg 2048w" sizes="auto, (max-width: 1024px) 100vw, 1024px" /></figure>



<p>La Noche de los Investigadores e Investigadoras es una celebración europea en la que la ciencia se pone al alcance de la ciudadanía con diversas actividades culturales. Un año más, los centros del CSIC del campus de Cantoblanco (UAM) se unen para participar de forma conjunta en esta iniciativa, con dos eventos en los que se presentarán, de manera cercana y participativa, investigaciones en ciencia de materiales, física teórica, matemáticas, ciencia de los alimentos, biología, nanociencia o cooperación en ciencia.</p>



<p>El viernes 30 de septiembre se celebra <strong><a href="https://www.icmm.csic.es/en/divulgacion/noche-investigadores_2022.php">Una Noche de Ciencia en el CSIC</a></strong>, que incluirá, a lo largo de todo el día, talleres científicos, encuentros con investigadores e investigadoras y la yincana. Todo ello tendrá lugar en la sede central del <a href="https://www.csic.es/es">CSIC</a> (Calle Serrano 117, Madrid).  Por la mañana se ofrecerán demostraciones científicas para centros educativos de Primaria, ESO y Bachillerato, adaptados a la edad de los grupos asistentes, que también podrán realizar la yincana. La tarde será para público general y familiar, con un extenso programa en el que se unirán charlas y encuentros con personal científico que explicará sus proyectos de investigación.</p>


<div class="tribe-block tribe-block__event-price">
		</div>




<div class="tribe-block tribe-block__venue tribe-block__venue--has-map">
	
		
	</div>


<div class="tribe-block tribe-block__event-website">
	<a
		href="https://members.ift.uam-csic.es/ed/2022/09/02/la-xiii-noche-europea-de-los-investigadores-de-madrid-23-y-30-de-septiembre/"
		target="_self"
			>
		SEE MORE	</a>
</div>


<div class="tribe-block tribe-block__events-link">

			<div class="tribe-block__btn--link tribe-block__events-gcal">
			<a
				href="https://www.google.com/calendar/event?action=TEMPLATE&#038;dates=20220930T094500/20220930T210000&#038;text=Una%20Noche%20de%20Ciencia%20en%20el%20CSIC&#038;trp=false&#038;ctz=UTC+0&#038;sprop=website:https://members.ift.uam-csic.es/ed"
				target="_blank"
				rel="noopener noreferrer nofollow"
				title="Add to Google Calendar"
			>
				<img decoding="async" src="https://members.ift.uam-csic.es/ed/wp-content/plugins/the-events-calendar/common/src/modules/icons/link.svg" />
				Add to Google Calendar			</a>
		</div>
	
			<div class="tribe-block__btn--link tribe-block__events-ical">
			<a
				href="https://members.ift.uam-csic.es/ed/event/una-noche-de-ciencia-en-el-csic/?ical=1"
				rel="noopener noreferrer nofollow"
				title="Add to iCalendar"
			>
				<img decoding="async" src="https://members.ift.uam-csic.es/ed/wp-content/plugins/the-events-calendar/common/src/modules/icons/link.svg" />
				Add to iCalendar			</a>
		</div>
	
</div>

<p>La Noche de los Investigadores e Investigadoras es una celebración europea en la que la ciencia se pone al alcance de la ciudadanía con diversas actividades culturales. Un año más, [&hellip;]</p>
