{"id":3285,"date":"2021-10-05T22:39:03","date_gmt":"2021-10-05T22:39:03","guid":{"rendered":"https:\/\/members.ift.uam-csic.es\/ed\/?post_type=tribe_events&#038;p=3285"},"modified":"2021-10-05T22:57:24","modified_gmt":"2021-10-05T22:57:24","slug":"2o-encuentro-de-grupos-de-igualdad-del-csic","status":"publish","type":"tribe_events","link":"https:\/\/members.ift.uam-csic.es\/ed\/event\/2o-encuentro-de-grupos-de-igualdad-del-csic\/","title":{"rendered":"2\u00ba Encuentro de Grupos de Igualdad del CSIC"},"content":{"rendered":"<div class=\"tribe-events-schedule tribe-clearfix\">\n\t<h2 class=\"tribe-events-schedule__datetime\">\n\t\t<span class=\"tribe-events-schedule__date tribe-events-schedule__date--start\">\n\t\t\tNovember 17, 2021\t\t<\/span>\n\n\t\t\t\t\t<span class=\"tribe-events-schedule__separator tribe-events-schedule__separator--date\">\n\t\t\t\t @ \t\t\t<\/span>\n\t\t\t<span class=\"tribe-events-schedule__time tribe-events-schedule__time--start\">\n\t\t\t\t10:00\t\t\t<\/span>\n\t\t\n\t\t\t\t\t\t\t\t\t<span class=\"tribe-events-schedule__separator tribe-events-schedule__separator--time\">\n\t\t\t\t\t &#8211; \t\t\t\t<\/span>\n\t\t\t\n\t\t\t\t\t\t\t<span class=\"tribe-events-schedule__time tribe-events-schedule__time--end\">\n\t\t\t\t\t17:00\t\t\t\t<\/span>\n\t\t\t\n\t\t\t\t\t\t<\/h2>\n<\/div>\n\n\n\n<figure class=\"wp-block-image size-large\"><img loading=\"lazy\" decoding=\"async\" width=\"724\" height=\"1024\" src=\"https:\/\/members.ift.uam-csic.es\/ed\/wp-content\/uploads\/2021\/10\/poster-encuentros-igualdad-csic-724x1024.jpg\" alt=\"\" class=\"wp-image-3332\" srcset=\"https:\/\/members.ift.uam-csic.es\/ed\/wp-content\/uploads\/2021\/10\/poster-encuentros-igualdad-csic-724x1024.jpg 724w, https:\/\/members.ift.uam-csic.es\/ed\/wp-content\/uploads\/2021\/10\/poster-encuentros-igualdad-csic-212x300.jpg 212w, https:\/\/members.ift.uam-csic.es\/ed\/wp-content\/uploads\/2021\/10\/poster-encuentros-igualdad-csic-768x1086.jpg 768w, https:\/\/members.ift.uam-csic.es\/ed\/wp-content\/uploads\/2021\/10\/poster-encuentros-igualdad-csic-1087x1536.jpg 1087w, https:\/\/members.ift.uam-csic.es\/ed\/wp-content\/uploads\/2021\/10\/poster-encuentros-igualdad-csic-1449x2048.jpg 1449w, https:\/\/members.ift.uam-csic.es\/ed\/wp-content\/uploads\/2021\/10\/poster-encuentros-igualdad-csic-500x707.jpg 500w, https:\/\/members.ift.uam-csic.es\/ed\/wp-content\/uploads\/2021\/10\/poster-encuentros-igualdad-csic-800x1131.jpg 800w, https:\/\/members.ift.uam-csic.es\/ed\/wp-content\/uploads\/2021\/10\/poster-encuentros-igualdad-csic-1280x1809.jpg 1280w, https:\/\/members.ift.uam-csic.es\/ed\/wp-content\/uploads\/2021\/10\/poster-encuentros-igualdad-csic-1920x2714.jpg 1920w, https:\/\/members.ift.uam-csic.es\/ed\/wp-content\/uploads\/2021\/10\/poster-encuentros-igualdad-csic-1200x1696.jpg 1200w, https:\/\/members.ift.uam-csic.es\/ed\/wp-content\/uploads\/2021\/10\/poster-encuentros-igualdad-csic-1980x2799.jpg 1980w, https:\/\/members.ift.uam-csic.es\/ed\/wp-content\/uploads\/2021\/10\/poster-encuentros-igualdad-csic-scaled.jpg 1811w\" sizes=\"auto, (max-width: 724px) 100vw, 724px\" \/><\/figure>\n\n\n\n<p>El <a href=\"https:\/\/members.ift.uam-csic.es\/ed\/ii-encuentro-de-grupos-de-igualdad-del-csic\/\">Segundo Encuentro de Grupos de Igualdad de centros CSIC<\/a>, organizado por el <a href=\"https:\/\/www.ift.uam-csic.es\/\">Instituto de F\u00edsica Te\u00f3rica<\/a> (IFT UAM-CSIC), en coordinaci\u00f3n con la <a href=\"https:\/\/www.csic.es\/es\/el-csic\/ciencia-en-igualdad\/comision-delegada-de-igualdad\">Comisi\u00f3n Delegada de Igualdad<\/a> y la <a href=\"https:\/\/www.csic.es\/es\/el-csic\/ciencia-en-igualdad\/mujeres-y-ciencia\/comision-mujeres-y-ciencia\">Comisi\u00f3n Mujeres y Ciencia<\/a> del CSIC, tendr\u00e1 lugar el d\u00eda <strong>17 de noviembre<\/strong> de 2021 en el Sal\u00f3n de Actos del Centro de F\u00edsica Te\u00f3rica y Matem\u00e1ticas (<a href=\"https:\/\/www.ift.uam-csic.es\/es\/contactm\">CFTMAT<\/a>), localizado en el <a href=\"https:\/\/campusexcelencia.uam-csic.es\/CampusExcelenciaUAM\/Home.htm\">Campus de Excelencia UAM+CSIC<\/a> en Madrid.<\/p>\n\n\n\n<p>Este encuentro se enmarca dentro de las actividades dirigidas a potenciar la Red de Grupos de Igualdad del CSIC, creada a ra\u00edz de la celebraci\u00f3n del primer encuentro organizado por el <a href=\"https:\/\/www.icm.csic.es\/en\">Instituto de Ciencias del Mar<\/a> el a\u00f1o pasado. El objetivo principal de estos encuentros es fomentar v\u00ednculos entre los Grupos de Igualdad del CSIC y favorecer el intercambio de recomendaciones y buenas pr\u00e1cticas en torno a los Planes de Acci\u00f3n en Igualdad de G\u00e9nero de los distintos centros.<\/p>\n\n\n\n<p>El evento se ha planeado de forma semi-presencial, si las recomendaciones sanitarias lo permiten y si hay un numero suficiente de participantes que vayan a asistir en persona.&nbsp;La participaci\u00f3n remota se har\u00e1 a trav\u00e9s de la plataforma Zoom: los detalles para la conexi\u00f3n se mandar\u00e1n por correo electr\u00f3nico a la lista de personas registradas.<\/p>\n\n\n\n<h6 class=\"wp-block-heading\"><a href=\"https:\/\/indico.ift.uam-csic.es\/e\/encuentro-igualdad-csic\">Inscripci\u00f3n<\/a> hasta el <strong>20 de octubre<\/strong>.<\/h6>\n\n\n\n<h6 class=\"wp-block-heading\"><strong>Fecha del evento<\/strong>: 17 de noviembre de 2021<\/h6>\n\n\n\n<h6 class=\"wp-block-heading\"><strong>Lugar<\/strong>: <a href=\"https:\/\/www.ift.uam-csic.es\/es\/contactm\">Sal\u00f3n de Actos del CFTMAT<\/a><\/h6>\n\n\n\n<p class=\"has-small-font-size\">Nicol\u00e1s Cabrera 13-15<br>Campus de Cantoblanco<br>28049 Madrid<\/p>\n\n\n<div class=\"tribe-block tribe-block__event-price\">\n\t\t<\/div>\n\n\n\n\n<div class=\"tribe-block tribe-block__venue tribe-block__venue--has-map\">\n\t\n\t\t\n\t<\/div>\n\n\n<div class=\"tribe-block tribe-block__event-website\">\n\t<a\n\t\thref=\"https:\/\/members.ift.uam-csic.es\/ed\/ii-encuentro-de-grupos-de-igualdad-del-csic\/\"\n\t\ttarget=\"_self\"\n\t\t\t>\n\t\t2\u00ba Encuentro de Grupos de Igualdad de centros del CSIC\t<\/a>\n<\/div>\n\n\n<div class=\"tribe-block tribe-block__events-link\">\n\n\t\t\t<div class=\"tribe-block__btn--link tribe-block__events-gcal\">\n\t\t\t<a\n\t\t\t\thref=\"https:\/\/www.google.com\/calendar\/event?action=TEMPLATE&#038;dates=20211117T100000\/20211117T170000&#038;text=2%C2%BA%20Encuentro%20de%20Grupos%20de%20Igualdad%20del%20CSIC&#038;trp=false&#038;ctz=UTC+0&#038;sprop=website:https:\/\/members.ift.uam-csic.es\/ed\"\n\t\t\t\ttarget=\"_blank\"\n\t\t\t\trel=\"noopener noreferrer nofollow\"\n\t\t\t\ttitle=\"Add to Google Calendar\"\n\t\t\t>\n\t\t\t\t<img decoding=\"async\" src=\"https:\/\/members.ift.uam-csic.es\/ed\/wp-content\/plugins\/the-events-calendar\/common\/src\/modules\/icons\/link.svg\" \/>\n\t\t\t\tAdd to Google Calendar\t\t\t<\/a>\n\t\t<\/div>\n\t\n\t\t\t<div class=\"tribe-block__btn--link tribe-block__events-ical\">\n\t\t\t<a\n\t\t\t\thref=\"https:\/\/members.ift.uam-csic.es\/ed\/event\/2o-encuentro-de-grupos-de-igualdad-del-csic\/?ical=1\"\n\t\t\t\trel=\"noopener noreferrer nofollow\"\n\t\t\t\ttitle=\"Add to iCalendar\"\n\t\t\t>\n\t\t\t\t<img decoding=\"async\" src=\"https:\/\/members.ift.uam-csic.es\/ed\/wp-content\/plugins\/the-events-calendar\/common\/src\/modules\/icons\/link.svg\" \/>\n\t\t\t\tAdd to iCalendar\t\t\t<\/a>\n\t\t<\/div>\n\t\n<\/div>\n\n","protected":false},"excerpt":{"rendered":"<p>El Segundo Encuentro de Grupos de Igualdad de centros CSIC, organizado por el Instituto de F\u00edsica Te\u00f3rica (IFT UAM-CSIC), en coordinaci\u00f3n con la Comisi\u00f3n Delegada de Igualdad y la Comisi\u00f3n [&hellip;]<\/p>\n","protected":false},"author":1,"featured_media":3332,"comment_status":"closed","ping_status":"closed","template":"","meta":{"_EventAllDay":false,"_EventTimezone":"UTC+0","_EventStartDate":"2021-11-17 10:00:00","_EventEndDate":"2021-11-17 17:00:00","_EventStartDateUTC":"2021-11-17 10:00:00","_EventEndDateUTC":"2021-11-17 17:00:00","_EventShowMap":true,"_EventShowMapLink":true,"_EventURL":"https:\/\/members.ift.uam-csic.es\/ed\/ii-encuentro-de-grupos-de-igualdad-del-csic\/","_EventCost":"","_EventCostDescription":"","_EventCurrencySymbol":"$","_EventCurrencyPosition":"prefix","_EventDateTimeSeparator":" @ ","_EventTimeRangeSeparator":" - ","_EventOrganizerID":[],"_EventVenueID":0,"_OrganizerEmail":"","_OrganizerPhone":"","_OrganizerWebsite":"","_VenueAddress":"","_VenueCity":"","_VenueCountry":"","_VenueProvince":"","_VenueZip":"","_VenuePhone":"","_VenueURL":"","_VenueStateProvince":"","_VenueLat":"","_VenueLng":"","_tribe_events_status":"","_tribe_events_status_reason":"","footnotes":""},"tags":[],"tribe_events_cat":[],"class_list":["post-3285","tribe_events","type-tribe_events","status-publish","has-post-thumbnail","hentry"],"_links":{"self":[{"href":"https:\/\/members.ift.uam-csic.es\/ed\/wp-json\/wp\/v2\/tribe_events\/3285","targetHints":{"allow":["GET"]}}],"collection":[{"href":"https:\/\/members.ift.uam-csic.es\/ed\/wp-json\/wp\/v2\/tribe_events"}],"about":[{"href":"https:\/\/members.ift.uam-csic.es\/ed\/wp-json\/wp\/v2\/types\/tribe_events"}],"author":[{"embeddable":true,"href":"https:\/\/members.ift.uam-csic.es\/ed\/wp-json\/wp\/v2\/users\/1"}],"replies":[{"embeddable":true,"href":"https:\/\/members.ift.uam-csic.es\/ed\/wp-json\/wp\/v2\/comments?post=3285"}],"version-history":[{"count":10,"href":"https:\/\/members.ift.uam-csic.es\/ed\/wp-json\/wp\/v2\/tribe_events\/3285\/revisions"}],"predecessor-version":[{"id":3337,"href":"https:\/\/members.ift.uam-csic.es\/ed\/wp-json\/wp\/v2\/tribe_events\/3285\/revisions\/3337"}],"wp:featuredmedia":[{"embeddable":true,"href":"https:\/\/members.ift.uam-csic.es\/ed\/wp-json\/wp\/v2\/media\/3332"}],"wp:attachment":[{"href":"https:\/\/members.ift.uam-csic.es\/ed\/wp-json\/wp\/v2\/media?parent=3285"}],"wp:term":[{"taxonomy":"post_tag","embeddable":true,"href":"https:\/\/members.ift.uam-csic.es\/ed\/wp-json\/wp\/v2\/tags?post=3285"},{"taxonomy":"tribe_events_cat","embeddable":true,"href":"https:\/\/members.ift.uam-csic.es\/ed\/wp-json\/wp\/v2\/tribe_events_cat?post=3285"}],"curies":[{"name":"wp","href":"https:\/\/api.w.org\/{rel}","templated":true}]}}

2º Encuentro de Grupos de Igualdad del CSIC

<div class="tribe-events-schedule tribe-clearfix">
	<h2 class="tribe-events-schedule__datetime">
		<span class="tribe-events-schedule__date tribe-events-schedule__date--start">
			November 17, 2021		</span>

					<span class="tribe-events-schedule__separator tribe-events-schedule__separator--date">
				 @ 			</span>
			<span class="tribe-events-schedule__time tribe-events-schedule__time--start">
				10:00			</span>
		
									<span class="tribe-events-schedule__separator tribe-events-schedule__separator--time">
					 &#8211; 				</span>
			
							<span class="tribe-events-schedule__time tribe-events-schedule__time--end">
					17:00				</span>
			
						</h2>
</div>



<figure class="wp-block-image size-large"><img loading="lazy" decoding="async" width="724" height="1024" src="https://members.ift.uam-csic.es/ed/wp-content/uploads/2021/10/poster-encuentros-igualdad-csic-724x1024.jpg" alt="" class="wp-image-3332" srcset="https://members.ift.uam-csic.es/ed/wp-content/uploads/2021/10/poster-encuentros-igualdad-csic-724x1024.jpg 724w, https://members.ift.uam-csic.es/ed/wp-content/uploads/2021/10/poster-encuentros-igualdad-csic-212x300.jpg 212w, https://members.ift.uam-csic.es/ed/wp-content/uploads/2021/10/poster-encuentros-igualdad-csic-768x1086.jpg 768w, https://members.ift.uam-csic.es/ed/wp-content/uploads/2021/10/poster-encuentros-igualdad-csic-1087x1536.jpg 1087w, https://members.ift.uam-csic.es/ed/wp-content/uploads/2021/10/poster-encuentros-igualdad-csic-1449x2048.jpg 1449w, https://members.ift.uam-csic.es/ed/wp-content/uploads/2021/10/poster-encuentros-igualdad-csic-500x707.jpg 500w, https://members.ift.uam-csic.es/ed/wp-content/uploads/2021/10/poster-encuentros-igualdad-csic-800x1131.jpg 800w, https://members.ift.uam-csic.es/ed/wp-content/uploads/2021/10/poster-encuentros-igualdad-csic-1280x1809.jpg 1280w, https://members.ift.uam-csic.es/ed/wp-content/uploads/2021/10/poster-encuentros-igualdad-csic-1920x2714.jpg 1920w, https://members.ift.uam-csic.es/ed/wp-content/uploads/2021/10/poster-encuentros-igualdad-csic-1200x1696.jpg 1200w, https://members.ift.uam-csic.es/ed/wp-content/uploads/2021/10/poster-encuentros-igualdad-csic-1980x2799.jpg 1980w, https://members.ift.uam-csic.es/ed/wp-content/uploads/2021/10/poster-encuentros-igualdad-csic-scaled.jpg 1811w" sizes="auto, (max-width: 724px) 100vw, 724px" /></figure>



<p>El <a href="https://members.ift.uam-csic.es/ed/ii-encuentro-de-grupos-de-igualdad-del-csic/">Segundo Encuentro de Grupos de Igualdad de centros CSIC</a>, organizado por el <a href="https://www.ift.uam-csic.es/">Instituto de Física Teórica</a> (IFT UAM-CSIC), en coordinación con la <a href="https://www.csic.es/es/el-csic/ciencia-en-igualdad/comision-delegada-de-igualdad">Comisión Delegada de Igualdad</a> y la <a href="https://www.csic.es/es/el-csic/ciencia-en-igualdad/mujeres-y-ciencia/comision-mujeres-y-ciencia">Comisión Mujeres y Ciencia</a> del CSIC, tendrá lugar el día <strong>17 de noviembre</strong> de 2021 en el Salón de Actos del Centro de Física Teórica y Matemáticas (<a href="https://www.ift.uam-csic.es/es/contactm">CFTMAT</a>), localizado en el <a href="https://campusexcelencia.uam-csic.es/CampusExcelenciaUAM/Home.htm">Campus de Excelencia UAM+CSIC</a> en Madrid.</p>



<p>Este encuentro se enmarca dentro de las actividades dirigidas a potenciar la Red de Grupos de Igualdad del CSIC, creada a raíz de la celebración del primer encuentro organizado por el <a href="https://www.icm.csic.es/en">Instituto de Ciencias del Mar</a> el año pasado. El objetivo principal de estos encuentros es fomentar vínculos entre los Grupos de Igualdad del CSIC y favorecer el intercambio de recomendaciones y buenas prácticas en torno a los Planes de Acción en Igualdad de Género de los distintos centros.</p>



<p>El evento se ha planeado de forma semi-presencial, si las recomendaciones sanitarias lo permiten y si hay un numero suficiente de participantes que vayan a asistir en persona.&nbsp;La participación remota se hará a través de la plataforma Zoom: los detalles para la conexión se mandarán por correo electrónico a la lista de personas registradas.</p>



<h6 class="wp-block-heading"><a href="https://indico.ift.uam-csic.es/e/encuentro-igualdad-csic">Inscripción</a> hasta el <strong>20 de octubre</strong>.</h6>



<h6 class="wp-block-heading"><strong>Fecha del evento</strong>: 17 de noviembre de 2021</h6>



<h6 class="wp-block-heading"><strong>Lugar</strong>: <a href="https://www.ift.uam-csic.es/es/contactm">Salón de Actos del CFTMAT</a></h6>



<p class="has-small-font-size">Nicolás Cabrera 13-15<br>Campus de Cantoblanco<br>28049 Madrid</p>


<div class="tribe-block tribe-block__event-price">
		</div>




<div class="tribe-block tribe-block__venue tribe-block__venue--has-map">
	
		
	</div>


<div class="tribe-block tribe-block__event-website">
	<a
		href="https://members.ift.uam-csic.es/ed/ii-encuentro-de-grupos-de-igualdad-del-csic/"
		target="_self"
			>
		2º Encuentro de Grupos de Igualdad de centros del CSIC	</a>
</div>


<div class="tribe-block tribe-block__events-link">

			<div class="tribe-block__btn--link tribe-block__events-gcal">
			<a
				href="https://www.google.com/calendar/event?action=TEMPLATE&#038;dates=20211117T100000/20211117T170000&#038;text=2%C2%BA%20Encuentro%20de%20Grupos%20de%20Igualdad%20del%20CSIC&#038;trp=false&#038;ctz=UTC+0&#038;sprop=website:https://members.ift.uam-csic.es/ed"
				target="_blank"
				rel="noopener noreferrer nofollow"
				title="Add to Google Calendar"
			>
				<img decoding="async" src="https://members.ift.uam-csic.es/ed/wp-content/plugins/the-events-calendar/common/src/modules/icons/link.svg" />
				Add to Google Calendar			</a>
		</div>
	
			<div class="tribe-block__btn--link tribe-block__events-ical">
			<a
				href="https://members.ift.uam-csic.es/ed/event/2o-encuentro-de-grupos-de-igualdad-del-csic/?ical=1"
				rel="noopener noreferrer nofollow"
				title="Add to iCalendar"
			>
				<img decoding="async" src="https://members.ift.uam-csic.es/ed/wp-content/plugins/the-events-calendar/common/src/modules/icons/link.svg" />
				Add to iCalendar			</a>
		</div>
	
</div>

<p>El Segundo Encuentro de Grupos de Igualdad de centros CSIC, organizado por el Instituto de Física Teórica (IFT UAM-CSIC), en coordinación con la Comisión Delegada de Igualdad y la Comisión [&hellip;]</p>
